Last updated on 2025-04-30 04:50:12 CEST.
Flavor | Version | Tinstall | Tcheck | Ttotal | Status | Flags |
---|---|---|---|---|---|---|
r-devel-linux-x86_64-debian-clang | 2.2.7 | 10.25 | 65.07 | 75.32 | NOTE | |
r-devel-linux-x86_64-debian-gcc | 2.2.7 | 6.89 | 40.38 | 47.27 | OK | |
r-devel-linux-x86_64-fedora-clang | 2.2.7 | 127.58 | OK | |||
r-devel-linux-x86_64-fedora-gcc | 2.2.7 | 113.76 | OK | |||
r-devel-windows-x86_64 | 2.2.7 | 12.00 | 95.00 | 107.00 | OK | |
r-patched-linux-x86_64 | 2.2.7 | 9.85 | 60.53 | 70.38 | OK | |
r-release-linux-x86_64 | 2.2.7 | 8.61 | 59.99 | 68.60 | OK | |
r-release-macos-arm64 | 2.2.7 | 38.00 | OK | |||
r-release-macos-x86_64 | 2.2.7 | 72.00 | OK | |||
r-release-windows-x86_64 | 2.2.7 | 11.00 | 95.00 | 106.00 | OK | |
r-oldrel-macos-arm64 | 2.2.7 | 43.00 | OK | |||
r-oldrel-macos-x86_64 | 2.2.7 | 72.00 | OK | |||
r-oldrel-windows-x86_64 | 2.2.7 | 11.00 | 103.00 | 114.00 | OK |
Version: 2.2.7
Check: examples
Result: NOTE
Examples with CPU (user + system) or elapsed time > 5s
user system elapsed
Plot.PP 5.336 0.047 6.55
Flavor: r-devel-linux-x86_64-debian-clang