CRAN Package Check Results for Package MadanText

Last updated on 2025-04-30 04:50:10 CEST.

Flavor Version Tinstall Tcheck Ttotal Status Flags
r-devel-linux-x86_64-debian-clang 0.1.0 16.79 119.29 136.08 OK
r-devel-linux-x86_64-debian-gcc 0.1.0 14.17 88.49 102.66 OK
r-devel-linux-x86_64-fedora-clang 0.1.0 216.54 NOTE
r-devel-linux-x86_64-fedora-gcc 0.1.0 207.27 NOTE
r-devel-windows-x86_64 0.1.0 17.00 111.00 128.00 OK
r-patched-linux-x86_64 0.1.0 15.90 112.98 128.88 OK
r-release-linux-x86_64 0.1.0 17.16 112.32 129.48 OK
r-release-macos-arm64 0.1.0 61.00 OK
r-release-macos-x86_64 0.1.0 103.00 OK
r-release-windows-x86_64 0.1.0 19.00 110.00 129.00 OK
r-oldrel-macos-arm64 0.1.0 59.00 OK
r-oldrel-macos-x86_64 0.1.0 91.00 OK
r-oldrel-windows-x86_64 0.1.0 21.00 138.00 159.00 OK

Check Details

Version: 0.1.0
Check: dependencies in R code
Result: NOTE Namespaces in Imports field not imported from: ‘shinythemes’ ‘topicmodels’ All declared Imports should be used. Flavors: r-devel-linux-x86_64-fedora-clang, r-devel-linux-x86_64-fedora-gcc