CRAN Package Check Results for Package Maeswrap

Last updated on 2025-04-30 04:50:10 CEST.

Flavor Version Tinstall Tcheck Ttotal Status Flags
r-devel-linux-x86_64-debian-clang 1.7 5.18 40.99 46.17 NOTE
r-devel-linux-x86_64-debian-gcc 1.7 4.52 31.30 35.82 NOTE
r-devel-linux-x86_64-fedora-clang 1.7 73.33 OK
r-devel-linux-x86_64-fedora-gcc 1.7 71.33 OK
r-devel-windows-x86_64 1.7 7.00 59.00 66.00 OK
r-patched-linux-x86_64 1.7 5.43 39.29 44.72 OK
r-release-linux-x86_64 1.7 4.66 39.06 43.72 OK
r-release-macos-arm64 1.7 34.00 OK
r-release-macos-x86_64 1.7 40.00 OK
r-release-windows-x86_64 1.7 8.00 63.00 71.00 OK
r-oldrel-macos-arm64 1.7 24.00 OK
r-oldrel-macos-x86_64 1.7 34.00 OK
r-oldrel-windows-x86_64 1.7 8.00 68.00 76.00 OK

Check Details

Version: 1.7
Check: CRAN incoming feasibility
Result: NOTE Maintainer: ‘Remko Duursma <remkoduursma@gmail.com>’ No Authors@R field in DESCRIPTION. Please add one, modifying Authors@R: person(given = "Remko", family = "Duursma", role = c("aut", "cre"), email = "remkoduursma@gmail.com") as necessary. Flavors: r-devel-linux-x86_64-debian-clang, r-devel-linux-x86_64-debian-gcc