Last updated on 2025-04-30 04:50:10 CEST.
Flavor | Version | Tinstall | Tcheck | Ttotal | Status | Flags |
---|---|---|---|---|---|---|
r-devel-linux-x86_64-debian-clang | 0.1.0 | 3.13 | 25.37 | 28.50 | NOTE | |
r-devel-linux-x86_64-debian-gcc | 0.1.0 | 2.31 | 19.38 | 21.69 | NOTE | |
r-devel-linux-x86_64-fedora-clang | 0.1.0 | 41.79 | OK | |||
r-devel-linux-x86_64-fedora-gcc | 0.1.0 | 41.52 | OK | |||
r-devel-windows-x86_64 | 0.1.0 | 5.00 | 53.00 | 58.00 | OK | |
r-patched-linux-x86_64 | 0.1.0 | 3.29 | 24.09 | 27.38 | OK | |
r-release-linux-x86_64 | 0.1.0 | 2.66 | 24.21 | 26.87 | OK | |
r-release-macos-arm64 | 0.1.0 | 21.00 | OK | |||
r-release-macos-x86_64 | 0.1.0 | 37.00 | OK | |||
r-release-windows-x86_64 | 0.1.0 | 5.00 | 53.00 | 58.00 | OK | |
r-oldrel-macos-arm64 | 0.1.0 | 19.00 | OK | |||
r-oldrel-macos-x86_64 | 0.1.0 | 29.00 | OK | |||
r-oldrel-windows-x86_64 | 0.1.0 | 6.00 | 56.00 | 62.00 | OK |
Version: 0.1.0
Check: CRAN incoming feasibility
Result: NOTE
Maintainer: ‘Luciane Ferreira Alcoforado <lucianea@id.uff.br>’
No Authors@R field in DESCRIPTION.
Please add one, modifying
Authors@R: person(given = c("Luciane", "Ferreira"),
family = "Alcoforado",
role = c("aut", "cre"),
email = "lucianea@id.uff.br")
as necessary.
Flavors: r-devel-linux-x86_64-debian-clang, r-devel-linux-x86_64-debian-gcc