CRAN Package Check Results for Package Map2NCBI

Last updated on 2025-02-21 03:52:16 CET.

Flavor Version Tinstall Tcheck Ttotal Status Flags
r-devel-linux-x86_64-debian-clang 1.4 3.00 26.15 29.15 NOTE
r-devel-linux-x86_64-debian-gcc 1.4 2.02 20.47 22.49 NOTE
r-devel-linux-x86_64-fedora-clang 1.4 46.35 OK
r-devel-linux-x86_64-fedora-gcc 1.4 44.13 OK
r-devel-macos-arm64 1.4 17.00 OK
r-devel-macos-x86_64 1.4 32.00 OK
r-devel-windows-x86_64 1.4 4.00 56.00 60.00 NOTE
r-patched-linux-x86_64 1.4 5.81 25.36 31.17 OK
r-release-linux-x86_64 1.4 2.59 24.83 27.42 OK
r-release-macos-arm64 1.4 20.00 OK
r-release-macos-x86_64 1.4 26.00 OK
r-release-windows-x86_64 1.4 4.00 45.00 49.00 OK
r-oldrel-macos-arm64 1.4 20.00 OK
r-oldrel-macos-x86_64 1.4 26.00 OK
r-oldrel-windows-x86_64 1.4 5.00 77.00 82.00 OK

Check Details

Version: 1.4
Check: Rd cross-references
Result: NOTE Found the following Rd file(s) with Rd \link{} targets missing package anchors: GetGeneList.Rd: rentrez Please provide package anchors for all Rd \link{} targets not in the package itself and the base packages. Flavors: r-devel-linux-x86_64-debian-clang, r-devel-linux-x86_64-debian-gcc, r-devel-windows-x86_64