Last updated on 2025-04-30 04:50:11 CEST.
Flavor | Version | Tinstall | Tcheck | Ttotal | Status | Flags |
---|---|---|---|---|---|---|
r-devel-linux-x86_64-debian-clang | 1.0.0 | 21.93 | 257.75 | 279.68 | NOTE | |
r-devel-linux-x86_64-debian-gcc | 1.0.0 | 15.66 | 161.48 | 177.14 | NOTE | |
r-devel-linux-x86_64-fedora-clang | 1.0.0 | 481.49 | OK | |||
r-devel-linux-x86_64-fedora-gcc | 1.0.0 | 470.14 | OK | |||
r-devel-windows-x86_64 | 1.0.0 | 26.00 | 258.00 | 284.00 | OK | |
r-patched-linux-x86_64 | 1.0.0 | 23.80 | 237.71 | 261.51 | OK | |
r-release-linux-x86_64 | 1.0.0 | 23.41 | 240.60 | 264.01 | OK | |
r-release-macos-arm64 | 1.0.0 | 129.00 | OK | |||
r-release-macos-x86_64 | 1.0.0 | 257.00 | OK | |||
r-release-windows-x86_64 | 1.0.0 | 26.00 | 260.00 | 286.00 | OK | |
r-oldrel-macos-arm64 | 1.0.0 | 112.00 | OK | |||
r-oldrel-macos-x86_64 | 1.0.0 | 184.00 | OK | |||
r-oldrel-windows-x86_64 | 1.0.0 | 30.00 | 334.00 | 364.00 | OK |
Version: 1.0.0
Check: CRAN incoming feasibility
Result: NOTE
Maintainer: ‘Zhigang Li <lzg2151@gmail.com>’
Package has help file(s) containing later-stage \Sexpr{} expressions
but no 'build/stage23.rdb' file.
Flavors: r-devel-linux-x86_64-debian-clang, r-devel-linux-x86_64-debian-gcc