Last updated on 2025-02-22 05:51:40 CET.
Flavor | Version | Tinstall | Tcheck | Ttotal | Status | Flags |
---|---|---|---|---|---|---|
r-devel-linux-x86_64-debian-clang | 1.0.0 | 8.49 | 65.66 | 74.15 | NOTE | |
r-devel-linux-x86_64-debian-gcc | 1.0.0 | 6.14 | 47.72 | 53.86 | NOTE | |
r-devel-linux-x86_64-fedora-clang | 1.0.0 | 118.24 | OK | |||
r-devel-linux-x86_64-fedora-gcc | 1.0.0 | 113.24 | OK | |||
r-devel-macos-arm64 | 1.0.0 | 34.00 | OK | |||
r-devel-macos-x86_64 | 1.0.0 | 68.00 | OK | |||
r-devel-windows-x86_64 | 1.0.0 | 8.00 | 80.00 | 88.00 | NOTE | |
r-patched-linux-x86_64 | 1.0.0 | 10.84 | 62.85 | 73.69 | OK | |
r-release-linux-x86_64 | 1.0.0 | 8.03 | 62.49 | 70.52 | OK | |
r-release-macos-arm64 | 1.0.0 | 34.00 | OK | |||
r-release-macos-x86_64 | 1.0.0 | 49.00 | OK | |||
r-release-windows-x86_64 | 1.0.0 | 9.00 | 74.00 | 83.00 | OK | |
r-oldrel-macos-arm64 | 1.0.0 | 39.00 | OK | |||
r-oldrel-macos-x86_64 | 1.0.0 | 61.00 | OK | |||
r-oldrel-windows-x86_64 | 1.0.0 | 12.00 | 90.00 | 102.00 | OK |
Version: 1.0.0
Check: Rd cross-references
Result: NOTE
Found the following Rd file(s) with Rd \link{} targets missing package
anchors:
MargCond.Rd: lmer, gee
Please provide package anchors for all Rd \link{} targets not in the
package itself and the base packages.
Flavors: r-devel-linux-x86_64-debian-clang, r-devel-linux-x86_64-debian-gcc, r-devel-windows-x86_64