Last updated on 2025-04-30 04:50:10 CEST.
Flavor | Version | Tinstall | Tcheck | Ttotal | Status | Flags |
---|---|---|---|---|---|---|
r-devel-linux-x86_64-debian-clang | 0.7.2 | 5.19 | 85.16 | 90.35 | NOTE | |
r-devel-linux-x86_64-debian-gcc | 0.7.2 | 3.47 | 56.81 | 60.28 | NOTE | |
r-devel-linux-x86_64-fedora-clang | 0.7.2 | 139.29 | NOTE | |||
r-devel-linux-x86_64-fedora-gcc | 0.7.2 | 153.36 | NOTE | |||
r-devel-windows-x86_64 | 0.7.2 | 6.00 | 96.00 | 102.00 | NOTE | |
r-patched-linux-x86_64 | 0.7.2 | 5.40 | 78.40 | 83.80 | NOTE | |
r-release-linux-x86_64 | 0.7.2 | 5.04 | 78.37 | 83.41 | NOTE | |
r-release-macos-arm64 | 0.7.2 | 67.00 | NOTE | |||
r-release-macos-x86_64 | 0.7.2 | 109.00 | NOTE | |||
r-release-windows-x86_64 | 0.7.2 | 7.00 | 94.00 | 101.00 | NOTE | |
r-oldrel-macos-arm64 | 0.7.2 | 52.00 | NOTE | |||
r-oldrel-macos-x86_64 | 0.7.2 | 95.00 | NOTE | |||
r-oldrel-windows-x86_64 | 0.7.2 | 8.00 | 124.00 | 132.00 | NOTE |
Version: 0.7.2
Check: Rd files
Result: NOTE
checkRd: (-1) mma.Rd:67: Escaped LaTeX specials: \&
Flavors: r-devel-linux-x86_64-debian-clang, r-devel-linux-x86_64-debian-gcc, r-devel-linux-x86_64-fedora-clang, r-devel-linux-x86_64-fedora-gcc, r-devel-windows-x86_64, r-patched-linux-x86_64, r-release-linux-x86_64, r-release-macos-arm64, r-release-macos-x86_64, r-release-windows-x86_64, r-oldrel-macos-arm64, r-oldrel-macos-x86_64, r-oldrel-windows-x86_64
Version: 0.7.2
Check: examples
Result: NOTE
Examples with CPU (user + system) or elapsed time > 5s
user system elapsed
frames 3.721 0.206 6.006
Flavor: r-devel-linux-x86_64-debian-clang