Last updated on 2025-04-30 04:50:11 CEST.
Flavor | Version | Tinstall | Tcheck | Ttotal | Status | Flags |
---|---|---|---|---|---|---|
r-devel-linux-x86_64-debian-clang | 4.7.1 | 108.30 | 163.70 | 272.00 | NOTE | |
r-devel-linux-x86_64-debian-gcc | 4.7.1 | 79.34 | 112.70 | 192.04 | OK | |
r-devel-linux-x86_64-fedora-clang | 4.7.1 | 480.74 | OK | |||
r-devel-linux-x86_64-fedora-gcc | 4.7.1 | 551.95 | OK | |||
r-devel-windows-x86_64 | 4.7.1 | 122.00 | 189.00 | 311.00 | OK | |
r-patched-linux-x86_64 | 4.7.1 | 117.55 | 153.03 | 270.58 | OK | |
r-release-linux-x86_64 | 4.7.1 | 111.55 | 154.61 | 266.16 | OK | |
r-release-macos-arm64 | 4.7.1 | 133.00 | OK | |||
r-release-macos-x86_64 | 4.7.1 | 245.00 | OK | |||
r-release-windows-x86_64 | 4.7.1 | 123.00 | 204.00 | 327.00 | OK | |
r-oldrel-macos-arm64 | 4.7.1 | 106.00 | NOTE | |||
r-oldrel-macos-x86_64 | 4.7.1 | 177.00 | NOTE | |||
r-oldrel-windows-x86_64 | 4.7.1 | 137.00 | 244.00 | 381.00 | NOTE |
Version: 4.7.1
Check: examples
Result: NOTE
Examples with CPU (user + system) or elapsed time > 5s
user system elapsed
method_genetic 5.855 0.065 6.746
Flavor: r-devel-linux-x86_64-debian-clang
Version: 4.7.1
Check: package dependencies
Result: NOTE
Package suggested but not available for checking: ‘gurobi’
Flavors: r-oldrel-macos-arm64, r-oldrel-macos-x86_64, r-oldrel-windows-x86_64
Version: 4.7.1
Check: installed package size
Result: NOTE
installed size is 9.0Mb
sub-directories of 1Mb or more:
doc 1.3Mb
libs 6.5Mb
Flavors: r-oldrel-macos-arm64, r-oldrel-macos-x86_64