Last updated on 2025-04-30 04:50:11 CEST.
Flavor | Version | Tinstall | Tcheck | Ttotal | Status | Flags |
---|---|---|---|---|---|---|
r-devel-linux-x86_64-debian-clang | 0.8.1 | 7.14 | 62.58 | 69.72 | NOTE | |
r-devel-linux-x86_64-debian-gcc | 0.8.1 | 5.41 | 43.97 | 49.38 | NOTE | |
r-devel-linux-x86_64-fedora-clang | 0.8.1 | 96.20 | OK | |||
r-devel-linux-x86_64-fedora-gcc | 0.8.1 | 107.86 | OK | |||
r-devel-windows-x86_64 | 0.8.1 | 9.00 | 77.00 | 86.00 | OK | |
r-patched-linux-x86_64 | 0.8.1 | 7.50 | 57.76 | 65.26 | OK | |
r-release-linux-x86_64 | 0.8.1 | 6.57 | 58.03 | 64.60 | OK | |
r-release-macos-arm64 | 0.8.1 | 37.00 | OK | |||
r-release-macos-x86_64 | 0.8.1 | 63.00 | OK | |||
r-release-windows-x86_64 | 0.8.1 | 9.00 | 76.00 | 85.00 | OK | |
r-oldrel-macos-arm64 | 0.8.1 | 35.00 | OK | |||
r-oldrel-macos-x86_64 | 0.8.1 | 71.00 | OK | |||
r-oldrel-windows-x86_64 | 0.8.1 | 11.00 | 90.00 | 101.00 | OK |
Version: 0.8.1
Check: CRAN incoming feasibility
Result: NOTE
Maintainer: ‘Alireza S. Mahani <alireza.s.mahani@gmail.com>’
No Authors@R field in DESCRIPTION.
Please add one, modifying
Authors@R: c(person(given = c("Alireza", "S."),
family = "Mahani",
role = c("aut", "cre"),
email = "alireza.s.mahani@gmail.com"),
person(given = c("Mansour", "T.A."),
family = "Sharabiani",
role = "aut"))
as necessary.
Flavors: r-devel-linux-x86_64-debian-clang, r-devel-linux-x86_64-debian-gcc