CRAN Package Check Results for Package MatchThem

Last updated on 2025-04-30 04:50:11 CEST.

Flavor Version Tinstall Tcheck Ttotal Status Flags
r-devel-linux-x86_64-debian-clang 1.2.1 14.39 122.69 137.08 NOTE
r-devel-linux-x86_64-debian-gcc 1.2.1 10.07 85.44 95.51 OK
r-devel-linux-x86_64-fedora-clang 1.2.1 204.86 OK
r-devel-linux-x86_64-fedora-gcc 1.2.1 208.63 OK
r-devel-windows-x86_64 1.2.1 15.00 120.00 135.00 OK
r-patched-linux-x86_64 1.2.1 13.38 111.20 124.58 OK
r-release-linux-x86_64 1.2.1 12.27 109.95 122.22 OK
r-release-macos-arm64 1.2.1 57.00 OK
r-release-macos-x86_64 1.2.1 102.00 OK
r-release-windows-x86_64 1.2.1 14.00 120.00 134.00 OK
r-oldrel-macos-arm64 1.2.1 62.00 OK
r-oldrel-macos-x86_64 1.2.1 92.00 OK
r-oldrel-windows-x86_64 1.2.1 19.00 159.00 178.00 OK

Check Details

Version: 1.2.1
Check: examples
Result: NOTE Examples with CPU (user + system) or elapsed time > 5s user system elapsed as.mimids 4.682 0.142 5.628 as.wimids 4.400 0.048 5.174 Flavor: r-devel-linux-x86_64-debian-clang