CRAN Package Check Results for Package MaximinInfer

Last updated on 2025-04-30 04:50:11 CEST.

Flavor Version Tinstall Tcheck Ttotal Status Flags
r-devel-linux-x86_64-debian-clang 2.0.0 13.94 113.52 127.46 NOTE
r-devel-linux-x86_64-debian-gcc 2.0.0 9.86 82.14 92.00 NOTE
r-devel-linux-x86_64-fedora-clang 2.0.0 213.05 OK
r-devel-linux-x86_64-fedora-gcc 2.0.0 195.53 OK
r-devel-windows-x86_64 2.0.0 15.00 109.00 124.00 OK
r-patched-linux-x86_64 2.0.0 12.95 108.60 121.55 OK
r-release-linux-x86_64 2.0.0 12.53 108.45 120.98 OK
r-release-macos-arm64 2.0.0 50.00 OK
r-release-macos-x86_64 2.0.0 130.00 OK
r-release-windows-x86_64 2.0.0 14.00 113.00 127.00 OK
r-oldrel-macos-arm64 2.0.0 50.00 OK
r-oldrel-macos-x86_64 2.0.0 128.00 OK
r-oldrel-windows-x86_64 2.0.0 17.00 133.00 150.00 OK

Check Details

Version: 2.0.0
Check: CRAN incoming feasibility
Result: NOTE Maintainer: ‘Zhenyu Wang <zw425@stat.rutgers.edu>’ No Authors@R field in DESCRIPTION. Please add one, modifying Authors@R: c(person(given = c("Zhenyu", "Wang;", "Zijian"), family = "Guo", role = "aut"), person(given = "Zhenyu", family = "Wang", role = "cre", email = "zw425@stat.rutgers.edu")) as necessary. The Description field contains shift maximin effect, which was proposed in <arXiv:2011.07568>. It Please refer to arXiv e-prints via their arXiv DOI <doi:10.48550/arXiv.YYMM.NNNNN>. Flavors: r-devel-linux-x86_64-debian-clang, r-devel-linux-x86_64-debian-gcc

Version: 2.0.0
Check: examples
Result: NOTE Examples with CPU (user + system) or elapsed time > 5s user system elapsed Maximin 4.071 0.405 5.572 Flavor: r-devel-linux-x86_64-debian-clang