Last updated on 2025-04-30 04:50:11 CEST.
Flavor | Version | Tinstall | Tcheck | Ttotal | Status | Flags |
---|---|---|---|---|---|---|
r-devel-linux-x86_64-debian-clang | 1.1.0 | 45.09 | 424.29 | 469.38 | NOTE | |
r-devel-linux-x86_64-debian-gcc | 1.1.0 | 35.46 | 305.62 | 341.08 | NOTE | |
r-devel-linux-x86_64-fedora-clang | 1.1.0 | 797.02 | OK | |||
r-devel-linux-x86_64-fedora-gcc | 1.1.0 | 749.84 | OK | |||
r-devel-windows-x86_64 | 1.1.0 | 53.00 | 413.00 | 466.00 | NOTE | |
r-patched-linux-x86_64 | 1.1.0 | 45.11 | 404.86 | 449.97 | NOTE | |
r-release-linux-x86_64 | 1.1.0 | 47.10 | 400.80 | 447.90 | NOTE | |
r-release-macos-arm64 | 1.1.0 | 175.00 | OK | |||
r-release-macos-x86_64 | 1.1.0 | 385.00 | OK | |||
r-release-windows-x86_64 | 1.1.0 | 52.00 | 414.00 | 466.00 | NOTE | |
r-oldrel-macos-arm64 | 1.1.0 | 150.00 | NOTE | |||
r-oldrel-macos-x86_64 | 1.1.0 | 230.00 | NOTE | |||
r-oldrel-windows-x86_64 | 1.1.0 | 62.00 | 534.00 | 596.00 | OK |
Version: 1.1.0
Check: Rd cross-references
Result: NOTE
Found the following Rd file(s) with Rd \link{} targets missing package
anchors:
Mega2gdsfmt.Rd: gdsfmt
Please provide package anchors for all Rd \link{} targets not in the
package itself and the base packages.
Flavors: r-devel-linux-x86_64-debian-clang, r-devel-linux-x86_64-debian-gcc, r-devel-windows-x86_64, r-patched-linux-x86_64, r-release-linux-x86_64, r-release-windows-x86_64
Version: 1.1.0
Check: examples
Result: NOTE
Examples with CPU (user + system) or elapsed time > 5s
user system elapsed
DOSKAT 5.011 0.286 7.558
Mega2SKAT 4.731 0.070 6.232
Flavor: r-devel-linux-x86_64-debian-clang
Version: 1.1.0
Check: package dependencies
Result: NOTE
Package suggested but not available for checking: ‘TxDb.Hsapiens.UCSC.hg19.knownGene’
Flavors: r-oldrel-macos-arm64, r-oldrel-macos-x86_64