Last updated on 2025-11-02 03:51:44 CET.
| Flavor | Version | Tinstall | Tcheck | Ttotal | Status | Flags |
|---|---|---|---|---|---|---|
| r-devel-linux-x86_64-debian-clang | 1.1.0 | 35.55 | 613.46 | 649.01 | OK | |
| r-devel-linux-x86_64-debian-gcc | 1.1.0 | 26.57 | 403.55 | 430.12 | OK | |
| r-devel-linux-x86_64-fedora-clang | 1.1.0 | 192.00 | 946.28 | 1138.28 | OK | |
| r-devel-linux-x86_64-fedora-gcc | 1.1.0 | 259.00 | 878.70 | 1137.70 | OK | |
| r-devel-windows-x86_64 | 1.1.0 | 33.00 | 582.00 | 615.00 | OK | |
| r-patched-linux-x86_64 | 1.1.0 | 0.37 | 1.88 | 2.25 | ERROR | |
| r-release-linux-x86_64 | 1.1.0 | 31.70 | 583.96 | 615.66 | OK | |
| r-release-macos-arm64 | 1.1.0 | 15.00 | 226.00 | 241.00 | OK | |
| r-release-macos-x86_64 | 1.1.0 | 34.00 | 526.00 | 560.00 | OK | |
| r-release-windows-x86_64 | 1.1.0 | 34.00 | 575.00 | 609.00 | OK | |
| r-oldrel-macos-arm64 | 1.1.0 | 15.00 | 225.00 | 240.00 | OK | |
| r-oldrel-macos-x86_64 | 1.1.0 | 33.00 | 397.00 | 430.00 | OK | |
| r-oldrel-windows-x86_64 | 1.1.0 | 48.00 | 775.00 | 823.00 | OK |
Version: 1.1.0
Check: package dependencies
Result: ERROR
Package required but not available: ‘SummarizedExperiment’
See section ‘The DESCRIPTION file’ in the ‘Writing R Extensions’
manual.
Flavor: r-patched-linux-x86_64