Last updated on 2025-02-21 03:52:19 CET.
Flavor | Version | Tinstall | Tcheck | Ttotal | Status | Flags |
---|---|---|---|---|---|---|
r-devel-linux-x86_64-debian-clang | 1.0.0 | 401.32 | 176.99 | 578.31 | OK | |
r-devel-linux-x86_64-debian-gcc | 1.0.0 | 361.37 | 153.04 | 514.41 | OK | |
r-devel-linux-x86_64-fedora-clang | 1.0.0 | 918.84 | OK | |||
r-devel-linux-x86_64-fedora-gcc | 1.0.0 | 1237.69 | OK | |||
r-devel-macos-arm64 | 1.0.0 | 248.00 | OK | |||
r-devel-macos-x86_64 | 1.0.0 | 324.00 | OK | |||
r-devel-windows-x86_64 | 1.0.0 | 358.00 | 216.00 | 574.00 | OK | |
r-patched-linux-x86_64 | 1.0.0 | 475.30 | 204.42 | 679.72 | NOTE | |
r-release-linux-x86_64 | 1.0.0 | 459.98 | 202.78 | 662.76 | NOTE | |
r-release-macos-arm64 | 1.0.0 | 136.00 | NOTE | |||
r-release-macos-x86_64 | 1.0.0 | 165.00 | NOTE | |||
r-release-windows-x86_64 | 1.0.0 | 360.00 | 217.00 | 577.00 | NOTE | |
r-oldrel-macos-arm64 | 1.0.0 | 236.00 | NOTE | |||
r-oldrel-macos-x86_64 | 1.0.0 | 368.00 | NOTE | |||
r-oldrel-windows-x86_64 | 1.0.0 | 500.00 | 264.00 | 764.00 | NOTE |
Version: 1.0.0
Check: for GNU extensions in Makefiles
Result: NOTE
GNU make is a SystemRequirements.
Flavors: r-patched-linux-x86_64, r-release-linux-x86_64, r-release-macos-arm64, r-release-macos-x86_64, r-release-windows-x86_64, r-oldrel-macos-arm64, r-oldrel-macos-x86_64, r-oldrel-windows-x86_64
Version: 1.0.0
Check: installed package size
Result: NOTE
installed size is 91.3Mb
sub-directories of 1Mb or more:
libs 90.8Mb
Flavors: r-release-macos-arm64, r-release-macos-x86_64, r-oldrel-macos-arm64, r-oldrel-macos-x86_64