Last updated on 2025-04-30 04:50:11 CEST.
Flavor | Version | Tinstall | Tcheck | Ttotal | Status | Flags |
---|---|---|---|---|---|---|
r-devel-linux-x86_64-debian-clang | 0.4.7 | 12.82 | 124.39 | 137.21 | NOTE | |
r-devel-linux-x86_64-debian-gcc | 0.4.7 | 9.06 | 77.20 | 86.26 | NOTE | |
r-devel-linux-x86_64-fedora-clang | 0.4.7 | 206.11 | OK | |||
r-devel-linux-x86_64-fedora-gcc | 0.4.7 | 222.86 | OK | |||
r-devel-windows-x86_64 | 0.4.7 | 15.00 | 135.00 | 150.00 | NOTE | |
r-patched-linux-x86_64 | 0.4.7 | 14.59 | 114.37 | 128.96 | NOTE | |
r-release-linux-x86_64 | 0.4.7 | 13.60 | 115.56 | 129.16 | NOTE | |
r-release-macos-arm64 | 0.4.7 | 102.00 | OK | |||
r-release-macos-x86_64 | 0.4.7 | 118.00 | OK | |||
r-release-windows-x86_64 | 0.4.7 | 17.00 | 138.00 | 155.00 | NOTE | |
r-oldrel-macos-arm64 | 0.4.7 | 60.00 | OK | |||
r-oldrel-macos-x86_64 | 0.4.7 | 103.00 | OK | |||
r-oldrel-windows-x86_64 | 0.4.7 | 18.00 | 164.00 | 182.00 | OK |
Version: 0.4.7
Check: Rd cross-references
Result: NOTE
Found the following Rd file(s) with Rd \link{} targets missing package
anchors:
plot.estMigConnectivity.Rd: plotCI
Please provide package anchors for all Rd \link{} targets not in the
package itself and the base packages.
Flavors: r-devel-linux-x86_64-debian-clang, r-devel-linux-x86_64-debian-gcc, r-devel-windows-x86_64, r-patched-linux-x86_64, r-release-linux-x86_64, r-release-windows-x86_64