Last updated on 2025-04-30 04:50:11 CEST.
Flavor | Version | Tinstall | Tcheck | Ttotal | Status | Flags |
---|---|---|---|---|---|---|
r-devel-linux-x86_64-debian-clang | 0.1.0 | 5.24 | 288.66 | 293.90 | NOTE | |
r-devel-linux-x86_64-debian-gcc | 0.1.0 | 3.23 | 186.49 | 189.72 | NOTE | |
r-devel-linux-x86_64-fedora-clang | 0.1.0 | 518.56 | OK | |||
r-devel-linux-x86_64-fedora-gcc | 0.1.0 | 509.03 | OK | |||
r-devel-windows-x86_64 | 0.1.0 | 6.00 | 310.00 | 316.00 | OK | |
r-patched-linux-x86_64 | 0.1.0 | 5.30 | 292.67 | 297.97 | OK | |
r-release-linux-x86_64 | 0.1.0 | 4.21 | 295.37 | 299.58 | OK | |
r-release-macos-arm64 | 0.1.0 | 142.00 | OK | |||
r-release-macos-x86_64 | 0.1.0 | 339.00 | OK | |||
r-release-windows-x86_64 | 0.1.0 | 8.00 | 306.00 | 314.00 | OK | |
r-oldrel-macos-arm64 | 0.1.0 | 149.00 | OK | |||
r-oldrel-macos-x86_64 | 0.1.0 | 297.00 | OK | |||
r-oldrel-windows-x86_64 | 0.1.0 | 8.00 | 413.00 | 421.00 | OK |
Version: 0.1.0
Check: CRAN incoming feasibility
Result: NOTE
Maintainer: ‘Gabriele Lubatti <gabriele.lubatti@helmholtz-muenchen.de>’
No Authors@R field in DESCRIPTION.
Please add one, modifying
Authors@R: person(given = "Gabriele",
family = "Lubatti",
role = c("aut", "cre"),
email = "gabriele.lubatti@helmholtz-muenchen.de")
as necessary.
Flavors: r-devel-linux-x86_64-debian-clang, r-devel-linux-x86_64-debian-gcc