Last updated on 2025-02-21 03:52:19 CET.
Flavor | Version | Tinstall | Tcheck | Ttotal | Status | Flags |
---|---|---|---|---|---|---|
r-devel-linux-x86_64-debian-clang | 0.1.0 | 4.78 | 302.48 | 307.26 | OK | |
r-devel-linux-x86_64-debian-gcc | 0.1.0 | 3.28 | 182.78 | 186.06 | OK | |
r-devel-linux-x86_64-fedora-clang | 0.1.0 | 514.86 | OK | |||
r-devel-linux-x86_64-fedora-gcc | 0.1.0 | 569.19 | OK | |||
r-devel-macos-arm64 | 0.1.0 | 135.00 | OK | |||
r-devel-macos-x86_64 | 0.1.0 | 389.00 | OK | |||
r-devel-windows-x86_64 | 0.1.0 | 6.00 | 316.00 | 322.00 | OK | |
r-patched-linux-x86_64 | 0.1.0 | 5.26 | 296.40 | 301.66 | OK | |
r-release-linux-x86_64 | 0.1.0 | 4.56 | 294.00 | 298.56 | OK | |
r-release-macos-arm64 | 0.1.0 | 149.00 | OK | |||
r-release-macos-x86_64 | 0.1.0 | 297.00 | OK | |||
r-release-windows-x86_64 | 0.1.0 | 8.00 | 310.00 | 318.00 | OK | |
r-oldrel-macos-arm64 | 0.1.0 | 166.00 | NOTE | |||
r-oldrel-macos-x86_64 | 0.1.0 | 297.00 | NOTE | |||
r-oldrel-windows-x86_64 | 0.1.0 | 8.00 | 335.00 | 343.00 | OK |
Version: 0.1.0
Check: package dependencies
Result: NOTE
Packages suggested but not available for checking:
'karyoploteR', 'regioneR'
Flavor: r-oldrel-macos-arm64
Version: 0.1.0
Check: package dependencies
Result: NOTE
Packages suggested but not available for checking:
'clustree', 'karyoploteR', 'regioneR'
Flavor: r-oldrel-macos-x86_64