Last updated on 2025-04-30 04:50:11 CEST.
Flavor | Version | Tinstall | Tcheck | Ttotal | Status | Flags |
---|---|---|---|---|---|---|
r-devel-linux-x86_64-debian-clang | 2.3.7 | 7.26 | 108.72 | 115.98 | NOTE | |
r-devel-linux-x86_64-debian-gcc | 2.3.7 | 6.43 | 67.98 | 74.41 | NOTE | |
r-devel-linux-x86_64-fedora-clang | 2.3.7 | 195.69 | OK | |||
r-devel-linux-x86_64-fedora-gcc | 2.3.7 | 183.10 | OK | |||
r-devel-windows-x86_64 | 2.3.7 | 9.00 | 113.00 | 122.00 | OK | |
r-patched-linux-x86_64 | 2.3.7 | 8.61 | 105.07 | 113.68 | OK | |
r-release-linux-x86_64 | 2.3.7 | 5.76 | 103.03 | 108.79 | OK | |
r-release-macos-arm64 | 2.3.7 | 46.00 | OK | |||
r-release-macos-x86_64 | 2.3.7 | 96.00 | OK | |||
r-release-windows-x86_64 | 2.3.7 | 10.00 | 111.00 | 121.00 | OK | |
r-oldrel-macos-arm64 | 2.3.7 | 46.00 | OK | |||
r-oldrel-macos-x86_64 | 2.3.7 | 78.00 | OK | |||
r-oldrel-windows-x86_64 | 2.3.7 | 12.00 | 144.00 | 156.00 | OK |
Version: 2.3.7
Check: CRAN incoming feasibility
Result: NOTE
Maintainer: ‘Cristina Tortora <grikris1@gmail.com>’
No Authors@R field in DESCRIPTION.
Please add one, modifying
Authors@R: c(person(given = "Cristina",
family = "Tortora",
role = c("aut", "cre", "cph"),
email = "grikris1@gmail.com"),
person(given = "Aisha",
family = "ElSherbiny",
role = "com"),
person(given = c("Ryan", "P."),
family = "Browne",
role = c("aut", "cph")),
person(given = c("Brian", "C."),
family = "Franczak",
role = c("aut", "cph")),
person(given = c("and", "Paul", "D."),
family = "McNicholas",
role = c("aut", "cph")),
person(given = c("Donald", "D."),
family = "Amos.",
role = "ctb"))
as necessary.
Flavors: r-devel-linux-x86_64-debian-clang, r-devel-linux-x86_64-debian-gcc
Version: 2.3.7
Check: examples
Result: NOTE
Examples with CPU (user + system) or elapsed time > 5s
user system elapsed
MGHD 6.162 0.048 9.890
plot.MixGHD 5.898 0.000 9.335
MixGHD-class 5.744 0.000 9.386
contourpl 5.562 0.003 7.744
dMSGHD 4.884 0.000 5.781
MSGHD 3.518 0.000 6.316
Flavor: r-devel-linux-x86_64-debian-clang
Version: 2.3.7
Check: examples
Result: NOTE
Examples with CPU (user + system) or elapsed time > 5s
user system elapsed
MGHD 3.378 0.045 5.076
contourpl 3.235 0.009 5.152
Flavor: r-devel-linux-x86_64-debian-gcc