Last updated on 2025-04-30 04:50:11 CEST.
Flavor | Version | Tinstall | Tcheck | Ttotal | Status | Flags |
---|---|---|---|---|---|---|
r-devel-linux-x86_64-debian-clang | 1.0 | 7.93 | 66.49 | 74.42 | NOTE | |
r-devel-linux-x86_64-debian-gcc | 1.0 | 5.16 | 48.22 | 53.38 | NOTE | |
r-devel-linux-x86_64-fedora-clang | 1.0 | 116.57 | OK | |||
r-devel-linux-x86_64-fedora-gcc | 1.0 | 110.88 | OK | |||
r-devel-windows-x86_64 | 1.0 | 8.00 | 79.00 | 87.00 | OK | |
r-patched-linux-x86_64 | 1.0 | 7.54 | 63.76 | 71.30 | OK | |
r-release-linux-x86_64 | 1.0 | 8.13 | 64.39 | 72.52 | OK | |
r-release-macos-arm64 | 1.0 | 38.00 | OK | |||
r-release-macos-x86_64 | 1.0 | 69.00 | OK | |||
r-release-windows-x86_64 | 1.0 | 9.00 | 80.00 | 89.00 | OK | |
r-oldrel-macos-arm64 | 1.0 | 39.00 | OK | |||
r-oldrel-macos-x86_64 | 1.0 | 70.00 | OK | |||
r-oldrel-windows-x86_64 | 1.0 | 11.00 | 93.00 | 104.00 | OK |
Version: 1.0
Check: CRAN incoming feasibility
Result: NOTE
Maintainer: ‘Jiebiao Wang <randel.wang@gmail.com>’
No Authors@R field in DESCRIPTION.
Please add one, modifying
Authors@R: c(person(given = "Jiebiao",
family = "Wang",
role = c("aut", "cre"),
email = "randel.wang@gmail.com"),
person(given = c("Lin", "S."),
family = "Chen",
role = "aut"))
as necessary.
Flavors: r-devel-linux-x86_64-debian-clang, r-devel-linux-x86_64-debian-gcc