CRAN Package Check Results for Package MixSIAR

Last updated on 2025-04-30 04:50:11 CEST.

Flavor Version Tinstall Tcheck Ttotal Status Flags
r-devel-linux-x86_64-debian-clang 3.1.12 6.88 86.81 93.69 NOTE
r-devel-linux-x86_64-debian-gcc 3.1.12 4.02 57.13 61.15 NOTE
r-devel-linux-x86_64-fedora-clang 3.1.12 151.94 OK
r-devel-linux-x86_64-fedora-gcc 3.1.12 213.14 OK
r-devel-windows-x86_64 3.1.12 7.00 104.00 111.00 OK
r-patched-linux-x86_64 3.1.12 7.44 79.05 86.49 OK
r-release-linux-x86_64 3.1.12 6.76 79.81 86.57 OK
r-release-macos-arm64 3.1.12 80.00 OK
r-release-macos-x86_64 3.1.12 163.00 OK
r-release-windows-x86_64 3.1.12 7.00 102.00 109.00 OK
r-oldrel-macos-arm64 3.1.12 63.00 NOTE
r-oldrel-macos-x86_64 3.1.12 97.00 NOTE
r-oldrel-windows-x86_64 3.1.12 10.00 124.00 134.00 NOTE

Check Details

Version: 3.1.12
Check: CRAN incoming feasibility
Result: NOTE Maintainer: ‘Brian Stock <bstock09@gmail.com>’ Package CITATION file contains call(s) to old-style personList() or as.personList(). Please use c() on person objects instead. Package CITATION file contains call(s) to old-style citEntry(). Please use bibentry() instead. Flavors: r-devel-linux-x86_64-debian-clang, r-devel-linux-x86_64-debian-gcc

Version: 3.1.12
Check: LazyData
Result: NOTE 'LazyData' is specified without a 'data' directory Flavors: r-oldrel-macos-arm64, r-oldrel-macos-x86_64, r-oldrel-windows-x86_64