Last updated on 2025-02-21 03:52:19 CET.
Flavor | Version | Tinstall | Tcheck | Ttotal | Status | Flags |
---|---|---|---|---|---|---|
r-devel-linux-x86_64-debian-clang | 1.1.0 | 24.30 | 146.17 | 170.47 | NOTE | |
r-devel-linux-x86_64-debian-gcc | 1.1.0 | 16.21 | 96.97 | 113.18 | NOTE | |
r-devel-linux-x86_64-fedora-clang | 1.1.0 | 267.96 | OK | |||
r-devel-linux-x86_64-fedora-gcc | 1.1.0 | 266.68 | OK | |||
r-devel-macos-arm64 | 1.1.0 | 67.00 | OK | |||
r-devel-macos-x86_64 | 1.1.0 | 135.00 | OK | |||
r-devel-windows-x86_64 | 1.1.0 | 21.00 | 143.00 | 164.00 | NOTE | |
r-patched-linux-x86_64 | 1.1.0 | 26.81 | 134.78 | 161.59 | OK | |
r-release-linux-x86_64 | 1.1.0 | 21.98 | 134.39 | 156.37 | OK | |
r-release-macos-arm64 | 1.1.0 | 68.00 | OK | |||
r-release-macos-x86_64 | 1.1.0 | 100.00 | OK | |||
r-release-windows-x86_64 | 1.1.0 | 21.00 | 137.00 | 158.00 | OK | |
r-oldrel-macos-arm64 | 1.1.0 | 64.00 | OK | |||
r-oldrel-macos-x86_64 | 1.1.0 | 189.00 | OK | |||
r-oldrel-windows-x86_64 | 1.1.0 | 29.00 | 196.00 | 225.00 | OK |
Version: 1.1.0
Check: Rd cross-references
Result: NOTE
Found the following Rd file(s) with Rd \link{} targets missing package
anchors:
kdeem.Rd: ucminf
mixregPvary.Rd: regmixEM
Please provide package anchors for all Rd \link{} targets not in the
package itself and the base packages.
Flavors: r-devel-linux-x86_64-debian-clang, r-devel-linux-x86_64-debian-gcc, r-devel-windows-x86_64