CRAN Package Check Results for Package MixTwice

Last updated on 2025-02-21 03:52:19 CET.

Flavor Version Tinstall Tcheck Ttotal Status Flags
r-devel-linux-x86_64-debian-clang 2.0 1.93 22.75 24.68 OK
r-devel-linux-x86_64-debian-gcc 2.0 1.61 17.76 19.37 OK
r-devel-linux-x86_64-fedora-clang 2.0 38.47 NOTE
r-devel-linux-x86_64-fedora-gcc 2.0 37.57 NOTE
r-devel-macos-arm64 2.0 19.00 OK
r-devel-macos-x86_64 2.0 28.00 OK
r-devel-windows-x86_64 2.0 3.00 45.00 48.00 OK
r-patched-linux-x86_64 2.0 2.06 21.59 23.65 OK
r-release-linux-x86_64 2.0 1.79 21.48 23.27 OK
r-release-macos-arm64 2.0 17.00 OK
r-release-macos-x86_64 2.0 23.00 OK
r-release-windows-x86_64 2.0 3.00 46.00 49.00 OK
r-oldrel-macos-arm64 2.0 19.00 OK
r-oldrel-macos-x86_64 2.0 23.00 OK
r-oldrel-windows-x86_64 2.0 3.00 55.00 58.00 OK

Check Details

Version: 2.0
Check: dependencies in R code
Result: NOTE Namespaces in Imports field not imported from: ‘ashr’ ‘fdrtool’ All declared Imports should be used. Flavors: r-devel-linux-x86_64-fedora-clang, r-devel-linux-x86_64-fedora-gcc