Last updated on 2025-04-30 04:50:11 CEST.
Flavor | Version | Tinstall | Tcheck | Ttotal | Status | Flags |
---|---|---|---|---|---|---|
r-devel-linux-x86_64-debian-clang | 1.2.0 | 16.63 | 110.26 | 126.89 | NOTE | |
r-devel-linux-x86_64-debian-gcc | 1.2.0 | 12.00 | 75.61 | 87.61 | OK | |
r-devel-linux-x86_64-fedora-clang | 1.2.0 | 187.53 | OK | |||
r-devel-linux-x86_64-fedora-gcc | 1.2.0 | 184.50 | OK | |||
r-devel-windows-x86_64 | 1.2.0 | 19.00 | 116.00 | 135.00 | OK | |
r-patched-linux-x86_64 | 1.2.0 | 17.10 | 102.73 | 119.83 | OK | |
r-release-linux-x86_64 | 1.2.0 | 14.67 | 102.04 | 116.71 | OK | |
r-release-macos-arm64 | 1.2.0 | 60.00 | OK | |||
r-release-macos-x86_64 | 1.2.0 | 104.00 | OK | |||
r-release-windows-x86_64 | 1.2.0 | 20.00 | 113.00 | 133.00 | OK | |
r-oldrel-macos-arm64 | 1.2.0 | 56.00 | OK | |||
r-oldrel-macos-x86_64 | 1.2.0 | 78.00 | OK | |||
r-oldrel-windows-x86_64 | 1.2.0 | 22.00 | 147.00 | 169.00 | OK |
Version: 1.2.0
Check: examples
Result: NOTE
Examples with CPU (user + system) or elapsed time > 5s
user system elapsed
horseshoecrabs 3.289 0.027 5.074
Flavor: r-devel-linux-x86_64-debian-clang