Last updated on 2025-04-30 04:50:11 CEST.
Flavor | Version | Tinstall | Tcheck | Ttotal | Status | Flags |
---|---|---|---|---|---|---|
r-devel-linux-x86_64-debian-clang | 1.2.0 | 11.35 | 107.60 | 118.95 | NOTE | |
r-devel-linux-x86_64-debian-gcc | 1.2.0 | 8.45 | 74.95 | 83.40 | OK | |
r-devel-linux-x86_64-fedora-clang | 1.2.0 | 173.75 | OK | |||
r-devel-linux-x86_64-fedora-gcc | 1.2.0 | 167.78 | OK | |||
r-devel-windows-x86_64 | 1.2.0 | 12.00 | 104.00 | 116.00 | OK | |
r-patched-linux-x86_64 | 1.2.0 | 12.11 | 98.30 | 110.41 | OK | |
r-release-linux-x86_64 | 1.2.0 | 11.52 | 97.13 | 108.65 | OK | |
r-release-macos-arm64 | 1.2.0 | 47.00 | OK | |||
r-release-macos-x86_64 | 1.2.0 | 78.00 | OK | |||
r-release-windows-x86_64 | 1.2.0 | 13.00 | 105.00 | 118.00 | OK | |
r-oldrel-macos-arm64 | 1.2.0 | 51.00 | OK | |||
r-oldrel-macos-x86_64 | 1.2.0 | 99.00 | OK | |||
r-oldrel-windows-x86_64 | 1.2.0 | 15.00 | 132.00 | 147.00 | OK |
Version: 1.2.0
Check: examples
Result: NOTE
Examples with CPU (user + system) or elapsed time > 5s
user system elapsed
xplode 3.575 0.149 5.119
Flavor: r-devel-linux-x86_64-debian-clang