Last updated on 2025-04-30 04:50:11 CEST.
Flavor | Version | Tinstall | Tcheck | Ttotal | Status | Flags |
---|---|---|---|---|---|---|
r-devel-linux-x86_64-debian-clang | 3.5.0 | 5.98 | 52.05 | 58.03 | NOTE | |
r-devel-linux-x86_64-debian-gcc | 3.5.0 | 4.44 | 39.76 | 44.20 | NOTE | |
r-devel-linux-x86_64-fedora-clang | 3.5.0 | 100.79 | OK | |||
r-devel-linux-x86_64-fedora-gcc | 3.5.0 | 105.22 | OK | |||
r-devel-windows-x86_64 | 3.5.0 | 8.00 | 73.00 | 81.00 | OK | |
r-patched-linux-x86_64 | 3.5.0 | 6.26 | 49.91 | 56.17 | OK | |
r-release-linux-x86_64 | 3.5.0 | 4.88 | 49.49 | 54.37 | OK | |
r-release-macos-arm64 | 3.5.0 | 50.00 | OK | |||
r-release-macos-x86_64 | 3.5.0 | 77.00 | OK | |||
r-release-windows-x86_64 | 3.5.0 | 7.00 | 72.00 | 79.00 | OK | |
r-oldrel-macos-arm64 | 3.5.0 | 50.00 | OK | |||
r-oldrel-macos-x86_64 | 3.5.0 | 93.00 | OK | |||
r-oldrel-windows-x86_64 | 3.5.0 | 9.00 | 82.00 | 91.00 | OK |
Version: 3.5.0
Check: DESCRIPTION meta-information
Result: NOTE
Author field differs from that derived from Authors@R
Author: ‘Michael Sovic [aut, ccp, cre] (<https://orcid.org/0000-0002-8556-3704>), Francesca Savona [res], Zuzana Bohrerova [res, fnd], Seth Faith [ccp, ctb] (0000-0002-0441-9859)’
Authors@R: ‘Michael Sovic [aut, ccp, cre] (ORCID: <https://orcid.org/0000-0002-8556-3704>), Francesca Savona [res], Zuzana Bohrerova [res, fnd], Seth Faith [ccp, ctb] (ORDIC: 0000-0002-0441-9859)’
Flavors: r-devel-linux-x86_64-debian-clang, r-devel-linux-x86_64-debian-gcc
Version: 3.5.0
Check: examples
Result: NOTE
Examples with CPU (user + system) or elapsed time > 5s
user system elapsed
create_ref 6.432 0.468 10.065
Flavor: r-devel-linux-x86_64-debian-clang
Version: 3.5.0
Check: examples
Result: NOTE
Examples with CPU (user + system) or elapsed time > 5s
user system elapsed
create_ref 4.18 0.318 7.481
Flavor: r-devel-linux-x86_64-debian-gcc