Last updated on 2025-04-30 04:50:12 CEST.
Flavor | Version | Tinstall | Tcheck | Ttotal | Status | Flags |
---|---|---|---|---|---|---|
r-devel-linux-x86_64-debian-clang | 6.1 | 57.16 | 70.62 | 127.78 | OK | |
r-devel-linux-x86_64-debian-gcc | 6.1 | 39.55 | 45.12 | 84.67 | OK | |
r-devel-linux-x86_64-fedora-clang | 6.1 | 203.86 | OK | |||
r-devel-linux-x86_64-fedora-gcc | 6.1 | 214.29 | OK | |||
r-devel-windows-x86_64 | 6.1 | 56.00 | 100.00 | 156.00 | OK | |
r-patched-linux-x86_64 | 6.1 | 57.29 | 65.04 | 122.33 | OK | |
r-release-linux-x86_64 | 6.1 | 59.32 | 64.29 | 123.61 | OK | |
r-release-macos-arm64 | 6.1 | 52.00 | OK | |||
r-release-macos-x86_64 | 6.1 | 151.00 | OK | |||
r-release-windows-x86_64 | 6.1 | 57.00 | 100.00 | 157.00 | OK | |
r-oldrel-macos-arm64 | 6.1 | 54.00 | NOTE | |||
r-oldrel-macos-x86_64 | 6.1 | 115.00 | NOTE | |||
r-oldrel-windows-x86_64 | 6.1 | 67.00 | 121.00 | 188.00 | OK |
Version: 6.1
Check: installed package size
Result: NOTE
installed size is 7.1Mb
sub-directories of 1Mb or more:
libs 6.6Mb
Flavors: r-oldrel-macos-arm64, r-oldrel-macos-x86_64