Last updated on 2025-04-30 04:50:12 CEST.
Flavor | Version | Tinstall | Tcheck | Ttotal | Status | Flags |
---|---|---|---|---|---|---|
r-devel-linux-x86_64-debian-clang | 1.1 | 8.40 | 68.32 | 76.72 | NOTE | |
r-devel-linux-x86_64-debian-gcc | 1.1 | 5.41 | 48.48 | 53.89 | NOTE | |
r-devel-linux-x86_64-fedora-clang | 1.1 | 111.83 | OK | |||
r-devel-linux-x86_64-fedora-gcc | 1.1 | 112.85 | OK | |||
r-devel-windows-x86_64 | 1.1 | 10.00 | 84.00 | 94.00 | OK | |
r-patched-linux-x86_64 | 1.1 | 8.75 | 64.40 | 73.15 | OK | |
r-release-linux-x86_64 | 1.1 | 7.41 | 64.53 | 71.94 | OK | |
r-release-macos-arm64 | 1.1 | 34.00 | OK | |||
r-release-macos-x86_64 | 1.1 | 65.00 | OK | |||
r-release-windows-x86_64 | 1.1 | 9.00 | 82.00 | 91.00 | OK | |
r-oldrel-macos-arm64 | 1.1 | 36.00 | OK | |||
r-oldrel-macos-x86_64 | 1.1 | 68.00 | OK | |||
r-oldrel-windows-x86_64 | 1.1 | 12.00 | 99.00 | 111.00 | OK |
Version: 1.1
Check: CRAN incoming feasibility
Result: NOTE
Maintainer: ‘Michele Josey <mjosey@nccu.edu>’
No Authors@R field in DESCRIPTION.
Please add one, modifying
Authors@R: c(person(given = "Melyssa",
family = "Minto",
role = "aut"),
person(given = "Michele",
family = "Josey",
role = c("aut", "cre"),
email = "mjosey@nccu.edu"),
person(given = "ClarLynda",
family = "Williams-DeVane",
role = "aut"))
as necessary.
File 'R/MonoInc-internal.R' sets .Random.seed.
This is usually neither needed nor wanted.
Flavors: r-devel-linux-x86_64-debian-clang, r-devel-linux-x86_64-debian-gcc
Version: 1.1
Check: examples
Result: NOTE
Examples with CPU (user + system) or elapsed time > 5s
user system elapsed
MonoInc 7.979 0.091 10.773
Flavor: r-devel-linux-x86_64-debian-clang
Version: 1.1
Check: examples
Result: NOTE
Examples with CPU (user + system) or elapsed time > 5s
user system elapsed
MonoInc 4.678 0.046 7.072
Flavor: r-devel-linux-x86_64-debian-gcc