Last updated on 2025-04-30 04:50:12 CEST.
Flavor | Version | Tinstall | Tcheck | Ttotal | Status | Flags |
---|---|---|---|---|---|---|
r-devel-linux-x86_64-debian-clang | 0.1.0 | 8.64 | 189.23 | 197.87 | NOTE | |
r-devel-linux-x86_64-debian-gcc | 0.1.0 | 5.44 | 123.88 | 129.32 | OK | |
r-devel-linux-x86_64-fedora-clang | 0.1.0 | 296.26 | OK | |||
r-devel-linux-x86_64-fedora-gcc | 0.1.0 | 309.17 | OK | |||
r-devel-windows-x86_64 | 0.1.0 | 10.00 | 188.00 | 198.00 | OK | |
r-patched-linux-x86_64 | 0.1.0 | 8.67 | 177.27 | 185.94 | OK | |
r-release-linux-x86_64 | 0.1.0 | 6.24 | 175.80 | 182.04 | OK | |
r-release-macos-arm64 | 0.1.0 | 84.00 | OK | |||
r-release-macos-x86_64 | 0.1.0 | 160.00 | OK | |||
r-release-windows-x86_64 | 0.1.0 | 10.00 | 180.00 | 190.00 | OK | |
r-oldrel-macos-arm64 | 0.1.0 | 152.00 | OK | |||
r-oldrel-macos-x86_64 | 0.1.0 | 250.00 | OK | |||
r-oldrel-windows-x86_64 | 0.1.0 | 12.00 | 239.00 | 251.00 | OK |
Version: 0.1.0
Check: examples
Result: NOTE
Examples with CPU (user + system) or elapsed time > 5s
user system elapsed
PCOselect 3.96 0.062 5.124
Flavor: r-devel-linux-x86_64-debian-clang