Last updated on 2025-04-30 04:50:12 CEST.
Flavor | Version | Tinstall | Tcheck | Ttotal | Status | Flags |
---|---|---|---|---|---|---|
r-devel-linux-x86_64-debian-clang | 1.0.7 | 8.85 | 123.59 | 132.44 | NOTE | |
r-devel-linux-x86_64-debian-gcc | 1.0.7 | 5.57 | 79.71 | 85.28 | OK | |
r-devel-linux-x86_64-fedora-clang | 1.0.7 | 205.52 | OK | |||
r-devel-linux-x86_64-fedora-gcc | 1.0.7 | 196.26 | OK | |||
r-devel-windows-x86_64 | 1.0.7 | 11.00 | 129.00 | 140.00 | OK | |
r-patched-linux-x86_64 | 1.0.7 | 8.48 | 113.77 | 122.25 | OK | |
r-release-linux-x86_64 | 1.0.7 | 7.01 | 112.71 | 119.72 | OK | |
r-release-macos-arm64 | 1.0.7 | 59.00 | OK | |||
r-release-macos-x86_64 | 1.0.7 | 103.00 | OK | |||
r-release-windows-x86_64 | 1.0.7 | 12.00 | 136.00 | 148.00 | OK | |
r-oldrel-macos-arm64 | 1.0.7 | 67.00 | OK | |||
r-oldrel-macos-x86_64 | 1.0.7 | 104.00 | OK | |||
r-oldrel-windows-x86_64 | 1.0.7 | 12.00 | 167.00 | 179.00 | OK |
Version: 1.0.7
Check: examples
Result: NOTE
Examples with CPU (user + system) or elapsed time > 5s
user system elapsed
DoubleGap 5.749 0.069 6.98
Flavor: r-devel-linux-x86_64-debian-clang