Last updated on 2025-04-30 04:50:12 CEST.
Flavor | Version | Tinstall | Tcheck | Ttotal | Status | Flags |
---|---|---|---|---|---|---|
r-devel-linux-x86_64-debian-clang | 1.3 | 12.39 | 89.64 | 102.03 | NOTE | |
r-devel-linux-x86_64-debian-gcc | 1.3 | 8.30 | 64.63 | 72.93 | NOTE | |
r-devel-linux-x86_64-fedora-clang | 1.3 | 144.52 | OK | |||
r-devel-linux-x86_64-fedora-gcc | 1.3 | 143.25 | OK | |||
r-devel-windows-x86_64 | 1.3 | 14.00 | 96.00 | 110.00 | OK | |
r-patched-linux-x86_64 | 1.3 | 12.06 | 85.56 | 97.62 | OK | |
r-release-linux-x86_64 | 1.3 | 11.07 | 85.20 | 96.27 | OK | |
r-release-macos-arm64 | 1.3 | 41.00 | OK | |||
r-release-macos-x86_64 | 1.3 | 93.00 | OK | |||
r-release-windows-x86_64 | 1.3 | 13.00 | 96.00 | 109.00 | OK | |
r-oldrel-macos-arm64 | 1.3 | 45.00 | OK | |||
r-oldrel-macos-x86_64 | 1.3 | 63.00 | OK | |||
r-oldrel-windows-x86_64 | 1.3 | 16.00 | 121.00 | 137.00 | OK |
Version: 1.3
Check: CRAN incoming feasibility
Result: NOTE
Maintainer: ‘Paolo Frumento <paolo.frumento@unipi.it>’
No Authors@R field in DESCRIPTION.
Please add one, modifying
Authors@R: person(given = "Paolo",
family = "Frumento",
role = c("aut", "cre"),
email = "paolo.frumento@unipi.it")
as necessary.
Flavors: r-devel-linux-x86_64-debian-clang, r-devel-linux-x86_64-debian-gcc