Last updated on 2025-04-30 04:50:12 CEST.
Flavor | Version | Tinstall | Tcheck | Ttotal | Status | Flags |
---|---|---|---|---|---|---|
r-devel-linux-x86_64-debian-clang | 1.3.9 | 12.88 | 85.16 | 98.04 | NOTE | |
r-devel-linux-x86_64-debian-gcc | 1.3.9 | 9.00 | 58.84 | 67.84 | NOTE | |
r-devel-linux-x86_64-fedora-clang | 1.3.9 | 146.70 | OK | |||
r-devel-linux-x86_64-fedora-gcc | 1.3.9 | 146.40 | OK | |||
r-devel-windows-x86_64 | 1.3.9 | 20.00 | 106.00 | 126.00 | OK | |
r-patched-linux-x86_64 | 1.3.9 | 11.19 | 80.80 | 91.99 | OK | |
r-release-linux-x86_64 | 1.3.9 | 11.64 | 81.23 | 92.87 | OK | |
r-release-macos-arm64 | 1.3.9 | 50.00 | OK | |||
r-release-macos-x86_64 | 1.3.9 | 96.00 | OK | |||
r-release-windows-x86_64 | 1.3.9 | 20.00 | 103.00 | 123.00 | OK | |
r-oldrel-macos-arm64 | 1.3.9 | 44.00 | OK | |||
r-oldrel-macos-x86_64 | 1.3.9 | 67.00 | OK | |||
r-oldrel-windows-x86_64 | 1.3.9 | 21.00 | 124.00 | 145.00 | OK |
Version: 1.3.9
Check: examples
Result: NOTE
Examples with CPU (user + system) or elapsed time > 5s
user system elapsed
twosamplesurvpvs 7.079 0.054 9.097
twosamplesurvtests 7.081 0.003 9.352
Flavor: r-devel-linux-x86_64-debian-clang
Version: 1.3.9
Check: examples
Result: NOTE
Examples with CPU (user + system) or elapsed time > 5s
user system elapsed
twosamplesurvpvs 3.357 0.008 5.117
Flavor: r-devel-linux-x86_64-debian-gcc