Last updated on 2025-11-03 03:49:48 CET.
| Flavor | Version | Tinstall | Tcheck | Ttotal | Status | Flags | 
|---|---|---|---|---|---|---|
| r-devel-linux-x86_64-debian-clang | 1.0.5 | 2.34 | 29.02 | 31.36 | NOTE | |
| r-devel-linux-x86_64-debian-gcc | 1.0.5 | 1.97 | 22.47 | 24.44 | NOTE | |
| r-devel-linux-x86_64-fedora-clang | 1.0.5 | 48.85 | OK | |||
| r-devel-linux-x86_64-fedora-gcc | 1.0.5 | 43.96 | OK | |||
| r-devel-windows-x86_64 | 1.0.5 | 4.00 | 50.00 | 54.00 | OK | |
| r-patched-linux-x86_64 | 1.0.5 | 2.20 | 27.44 | 29.64 | OK | |
| r-release-linux-x86_64 | 1.0.5 | 2.57 | 27.22 | 29.79 | OK | |
| r-release-macos-arm64 | 1.0.5 | 1.00 | 18.00 | 19.00 | OK | |
| r-release-macos-x86_64 | 1.0.5 | 4.00 | 46.00 | 50.00 | OK | |
| r-release-windows-x86_64 | 1.0.5 | 3.00 | 49.00 | 52.00 | OK | |
| r-oldrel-macos-arm64 | 1.0.5 | 1.00 | 17.00 | 18.00 | OK | |
| r-oldrel-macos-x86_64 | 1.0.5 | 2.00 | 26.00 | 28.00 | OK | |
| r-oldrel-windows-x86_64 | 1.0.5 | 4.00 | 57.00 | 61.00 | OK | 
Version: 1.0.5
Check: CRAN incoming feasibility
Result: NOTE
  Maintainer: ‘Shixiao Zhang <praetere@gmail.com>’
  
  No Authors@R field in DESCRIPTION.
  Please add one, modifying
    Authors@R: c(person(given = "Shixiao",
                        family = "Zhang",
                        role = c("aut", "cre"),
                        email = "praetere@gmail.com"),
                 person(given = "Peisong",
                        family = "Han",
                        role = "aut"))
  as necessary.
Flavors: r-devel-linux-x86_64-debian-clang, r-devel-linux-x86_64-debian-gcc