CRAN Package Check Results for Package MultiplierDEA

Last updated on 2025-04-30 04:50:12 CEST.

Flavor Version Tinstall Tcheck Ttotal Status Flags
r-devel-linux-x86_64-debian-clang 0.1.19 11.96 90.05 102.01 NOTE
r-devel-linux-x86_64-debian-gcc 0.1.19 8.22 61.13 69.35 NOTE
r-devel-linux-x86_64-fedora-clang 0.1.19 163.69 OK
r-devel-linux-x86_64-fedora-gcc 0.1.19 150.21 OK
r-devel-windows-x86_64 0.1.19 12.00 92.00 104.00 OK
r-patched-linux-x86_64 0.1.19 11.46 83.25 94.71 OK
r-release-linux-x86_64 0.1.19 10.54 81.65 92.19 OK
r-release-macos-arm64 0.1.19 59.00 OK
r-release-macos-x86_64 0.1.19 79.00 OK
r-release-windows-x86_64 0.1.19 12.00 93.00 105.00 OK
r-oldrel-macos-arm64 0.1.19 43.00 OK
r-oldrel-macos-x86_64 0.1.19 71.00 OK
r-oldrel-windows-x86_64 0.1.19 14.00 114.00 128.00 OK

Check Details

Version: 0.1.19
Check: CRAN incoming feasibility
Result: NOTE Maintainer: ‘Aurobindh Kalathil Puthanpura <kalat2@pdx.edu>’ No Authors@R field in DESCRIPTION. Please add one, modifying Authors@R: person(given = c("Aurobindh", "Kalathil"), family = "Puthanpura", role = c("aut", "cre"), email = "kalat2@pdx.edu") as necessary. Flavors: r-devel-linux-x86_64-debian-clang, r-devel-linux-x86_64-debian-gcc