Last updated on 2025-04-29 04:50:11 CEST.
Flavor | Version | Tinstall | Tcheck | Ttotal | Status | Flags |
---|---|---|---|---|---|---|
r-devel-linux-x86_64-debian-clang | 0.5.0 | 13.32 | 195.23 | 208.55 | NOTE | |
r-devel-linux-x86_64-debian-gcc | 0.5.0 | 8.02 | 137.38 | 145.40 | NOTE | |
r-devel-linux-x86_64-fedora-clang | 0.5.0 | 346.57 | OK | |||
r-devel-linux-x86_64-fedora-gcc | 0.5.0 | 321.68 | OK | |||
r-devel-windows-x86_64 | 0.5.0 | 15.00 | 186.00 | 201.00 | NOTE | |
r-patched-linux-x86_64 | 0.5.0 | 13.38 | 186.95 | 200.33 | NOTE | |
r-release-linux-x86_64 | 0.5.0 | 12.83 | 185.82 | 198.65 | NOTE | |
r-release-macos-arm64 | 0.5.0 | 90.00 | OK | |||
r-release-macos-x86_64 | 0.5.0 | 163.00 | OK | |||
r-release-windows-x86_64 | 0.5.0 | 16.00 | 189.00 | 205.00 | NOTE | |
r-oldrel-macos-arm64 | 0.5.0 | 78.00 | OK | |||
r-oldrel-macos-x86_64 | 0.5.0 | 131.00 | OK | |||
r-oldrel-windows-x86_64 | 0.5.0 | 21.00 | 237.00 | 258.00 | OK |
Version: 0.5.0
Check: Rd cross-references
Result: NOTE
Found the following Rd file(s) with Rd \link{} targets missing package
anchors:
ComponentesPrincipais.Misto.Rd: PCAmix
Please provide package anchors for all Rd \link{} targets not in the
package itself and the base packages.
Flavors: r-devel-linux-x86_64-debian-clang, r-devel-linux-x86_64-debian-gcc, r-devel-windows-x86_64, r-patched-linux-x86_64, r-release-linux-x86_64, r-release-windows-x86_64
Version: 0.5.0
Check: examples
Result: NOTE
Examples with CPU (user + system) or elapsed time > 5s
user system elapsed
Kmeans_NumeroOtimo2 5.510 0.195 6.911
Kmeans 4.803 0.083 5.434
ContribuicaoRelativa 4.650 0.145 5.776
Kmeans_NumeroOtimo 4.655 0.020 5.632
Flavor: r-devel-linux-x86_64-debian-gcc