CRAN Package Check Results for Package My.stepwise

Last updated on 2025-04-30 04:50:12 CEST.

Flavor Version Tinstall Tcheck Ttotal Status Flags
r-devel-linux-x86_64-debian-clang 0.1.0 6.62 53.88 60.50 NOTE
r-devel-linux-x86_64-debian-gcc 0.1.0 4.68 39.98 44.66 NOTE
r-devel-linux-x86_64-fedora-clang 0.1.0 92.05 OK
r-devel-linux-x86_64-fedora-gcc 0.1.0 90.58 OK
r-devel-windows-x86_64 0.1.0 8.00 65.00 73.00 OK
r-patched-linux-x86_64 0.1.0 6.45 51.54 57.99 OK
r-release-linux-x86_64 0.1.0 6.74 51.16 57.90 OK
r-release-macos-arm64 0.1.0 51.00 OK
r-release-macos-x86_64 0.1.0 51.00 OK
r-release-windows-x86_64 0.1.0 8.00 66.00 74.00 OK
r-oldrel-macos-arm64 0.1.0 30.00 NOTE
r-oldrel-macos-x86_64 0.1.0 42.00 NOTE
r-oldrel-windows-x86_64 0.1.0 10.00 78.00 88.00 NOTE

Check Details

Version: 0.1.0
Check: CRAN incoming feasibility
Result: NOTE Maintainer: ‘Fu-Chang Hu <fuchang.hu@gmail.com>’ No Authors@R field in DESCRIPTION. Please add one, modifying Authors@R: c(person(given = c("International-Harvard", "Statistical", "Consulting"), family = "Company", role = "aut", email = "nhsc2010@hotmail.com"), person(given = "Fu-Chang", family = "Hu", role = "cre", email = "fuchang.hu@gmail.com")) as necessary. Flavors: r-devel-linux-x86_64-debian-clang, r-devel-linux-x86_64-debian-gcc

Version: 0.1.0
Check: LazyData
Result: NOTE 'LazyData' is specified without a 'data' directory Flavors: r-oldrel-macos-arm64, r-oldrel-macos-x86_64, r-oldrel-windows-x86_64