CRAN Package Check Results for Package N2R

Last updated on 2025-04-30 04:50:12 CEST.

Flavor Version Tinstall Tcheck Ttotal Status Flags
r-devel-linux-x86_64-debian-clang 1.0.3 64.05 55.64 119.69 NOTE
r-devel-linux-x86_64-debian-gcc 1.0.3 47.05 41.84 88.89 NOTE
r-devel-windows-x86_64 1.0.3 80.00 87.00 167.00 OK
r-patched-linux-x86_64 1.0.3 65.33 52.99 118.32 OK
r-release-linux-x86_64 1.0.3 64.70 52.19 116.89 OK
r-release-macos-arm64 1.0.3 50.00 OK
r-release-macos-x86_64 1.0.3 94.00 OK
r-release-windows-x86_64 1.0.3 81.00 93.00 174.00 OK
r-oldrel-macos-arm64 1.0.3 49.00 NOTE
r-oldrel-macos-x86_64 1.0.3 75.00 NOTE
r-oldrel-windows-x86_64 1.0.3 90.00 109.00 199.00 OK

Check Details

Version: 1.0.3
Check: CRAN incoming feasibility
Result: NOTE Maintainer: ‘Evan Biederstedt <evan.biederstedt@gmail.com>’ The Description field contains <doi:10.1109/TPAMI.2018.2889473>, <arXiv:1603.09320>. Please refer to arXiv e-prints via their arXiv DOI <doi:10.48550/arXiv.YYMM.NNNNN>. Flavors: r-devel-linux-x86_64-debian-clang, r-devel-linux-x86_64-debian-gcc

Version: 1.0.3
Check: installed package size
Result: NOTE installed size is 5.7Mb sub-directories of 1Mb or more: libs 5.6Mb Flavors: r-oldrel-macos-arm64, r-oldrel-macos-x86_64