CRAN Package Check Results for Package NAC

Last updated on 2025-04-30 04:50:12 CEST.

Flavor Version Tinstall Tcheck Ttotal Status Flags
r-devel-linux-x86_64-debian-clang 0.1.0 2.22 20.82 23.04 NOTE
r-devel-linux-x86_64-debian-gcc 0.1.0 1.67 16.93 18.60 NOTE
r-devel-linux-x86_64-fedora-clang 0.1.0 35.60 OK
r-devel-linux-x86_64-fedora-gcc 0.1.0 34.54 OK
r-devel-windows-x86_64 0.1.0 4.00 42.00 46.00 OK
r-patched-linux-x86_64 0.1.0 2.34 20.11 22.45 OK
r-release-linux-x86_64 0.1.0 2.07 19.94 22.01 OK
r-release-macos-arm64 0.1.0 16.00 OK
r-release-macos-x86_64 0.1.0 28.00 OK
r-release-windows-x86_64 0.1.0 3.00 45.00 48.00 OK
r-oldrel-macos-arm64 0.1.0 16.00 OK
r-oldrel-macos-x86_64 0.1.0 22.00 OK
r-oldrel-windows-x86_64 0.1.0 3.00 43.00 46.00 OK

Check Details

Version: 0.1.0
Check: CRAN incoming feasibility
Result: NOTE Maintainer: ‘Yaofang Hu <yaofangh@smu.edu>’ The Description field contains Wang (2023) <arXiv:2306.15616>. In addition to NAC, this package Please refer to arXiv e-prints via their arXiv DOI <doi:10.48550/arXiv.YYMM.NNNNN>. Flavors: r-devel-linux-x86_64-debian-clang, r-devel-linux-x86_64-debian-gcc