CRAN Package Check Results for Package NADA2

Last updated on 2025-04-30 04:50:12 CEST.

Flavor Version Tinstall Tcheck Ttotal Status Flags
r-devel-linux-x86_64-debian-clang 1.1.8 18.46 449.42 467.88 NOTE
r-devel-linux-x86_64-debian-gcc 1.1.8 10.13 328.72 338.85 OK
r-devel-linux-x86_64-fedora-clang 1.1.8 790.70 NOTE
r-devel-linux-x86_64-fedora-gcc 1.1.8 829.80 NOTE
r-devel-windows-x86_64 1.1.8 18.00 428.00 446.00 OK
r-patched-linux-x86_64 1.1.8 17.84 484.99 502.83 OK
r-release-linux-x86_64 1.1.8 16.70 482.30 499.00 OK
r-release-macos-arm64 1.1.8 219.00 OK
r-release-macos-x86_64 1.1.8 449.00 OK
r-release-windows-x86_64 1.1.8 20.00 435.00 455.00 OK
r-oldrel-macos-arm64 1.1.8 141.00 OK
r-oldrel-macos-x86_64 1.1.8 267.00 OK
r-oldrel-windows-x86_64 1.1.8 24.00 620.00 644.00 OK

Check Details

Version: 1.1.8
Check: examples
Result: NOTE Examples with CPU (user + system) or elapsed time > 5s user system elapsed centrendsea 5.316 0.088 6.239 centrend 4.347 0.119 5.037 Flavor: r-devel-linux-x86_64-debian-clang

Version: 1.1.8
Check: dependencies in R code
Result: NOTE Namespaces in Imports field not imported from: ‘Kendall’ ‘perm’ All declared Imports should be used. Flavors: r-devel-linux-x86_64-fedora-clang, r-devel-linux-x86_64-fedora-gcc