Last updated on 2025-04-30 04:50:12 CEST.
Flavor | Version | Tinstall | Tcheck | Ttotal | Status | Flags |
---|---|---|---|---|---|---|
r-devel-linux-x86_64-debian-clang | 1.0.4 | 73.69 | 210.51 | 284.20 | NOTE | |
r-devel-linux-x86_64-debian-gcc | 1.0.4 | 54.29 | 145.67 | 199.96 | OK | |
r-devel-linux-x86_64-fedora-clang | 1.0.4 | 491.43 | OK | |||
r-devel-linux-x86_64-fedora-gcc | 1.0.4 | 475.83 | OK | |||
r-devel-windows-x86_64 | 1.0.4 | 91.00 | 227.00 | 318.00 | OK | |
r-patched-linux-x86_64 | 1.0.4 | 69.22 | 198.87 | 268.09 | OK | |
r-release-linux-x86_64 | 1.0.4 | 66.09 | 197.50 | 263.59 | OK | |
r-release-macos-arm64 | 1.0.4 | 132.00 | OK | |||
r-release-macos-x86_64 | 1.0.4 | 233.00 | OK | |||
r-release-windows-x86_64 | 1.0.4 | 85.00 | 227.00 | 312.00 | OK | |
r-oldrel-macos-arm64 | 1.0.4 | 123.00 | OK | |||
r-oldrel-macos-x86_64 | 1.0.4 | 166.00 | OK | |||
r-oldrel-windows-x86_64 | 1.0.4 | 102.00 | 306.00 | 408.00 | OK |
Version: 1.0.4
Check: examples
Result: NOTE
Examples with CPU (user + system) or elapsed time > 5s
user system elapsed
buildPublicClusterNetworkByRepresentative 4.24 0.043 5.198
Flavor: r-devel-linux-x86_64-debian-clang