Last updated on 2025-02-21 03:52:20 CET.
Flavor | Version | Tinstall | Tcheck | Ttotal | Status | Flags |
---|---|---|---|---|---|---|
r-devel-linux-x86_64-debian-clang | 1.0.1 | 6.77 | 49.51 | 56.28 | OK | |
r-devel-linux-x86_64-debian-gcc | 1.0.1 | 5.49 | 35.09 | 40.58 | OK | |
r-devel-linux-x86_64-fedora-clang | 1.0.1 | 89.88 | OK | |||
r-devel-linux-x86_64-fedora-gcc | 1.0.1 | 85.29 | OK | |||
r-devel-macos-arm64 | 1.0.1 | 34.00 | OK | |||
r-devel-macos-x86_64 | 1.0.1 | 64.00 | OK | |||
r-devel-windows-x86_64 | 1.0.1 | 9.00 | 83.00 | 92.00 | OK | |
r-patched-linux-x86_64 | 1.0.1 | 7.30 | 46.25 | 53.55 | OK | |
r-release-linux-x86_64 | 1.0.1 | 6.63 | 45.82 | 52.45 | OK | |
r-release-macos-arm64 | 1.0.1 | 29.00 | OK | |||
r-release-macos-x86_64 | 1.0.1 | 52.00 | OK | |||
r-release-windows-x86_64 | 1.0.1 | 10.00 | 78.00 | 88.00 | OK | |
r-oldrel-macos-arm64 | 1.0.1 | 37.00 | NOTE | |||
r-oldrel-macos-x86_64 | 1.0.1 | 47.00 | NOTE | |||
r-oldrel-windows-x86_64 | 1.0.1 | 11.00 | 95.00 | 106.00 | OK |
Version: 1.0.1
Check: package dependencies
Result: NOTE
Package suggested but not available for checking: ‘sSeq’
Flavors: r-oldrel-macos-arm64, r-oldrel-macos-x86_64
Version: 1.0.1
Check: Rd cross-references
Result: NOTE
Package unavailable to check Rd xrefs: ‘sSeq’
Flavors: r-oldrel-macos-arm64, r-oldrel-macos-x86_64