CRAN Package Check Results for Package NCA

Last updated on 2025-04-30 04:50:12 CEST.

Flavor Version Tinstall Tcheck Ttotal Status Flags
r-devel-linux-x86_64-debian-clang 4.0.2 15.97 120.35 136.32 NOTE
r-devel-linux-x86_64-debian-gcc 4.0.2 10.66 87.64 98.30 NOTE
r-devel-linux-x86_64-fedora-clang 4.0.2 203.44 OK
r-devel-linux-x86_64-fedora-gcc 4.0.2 194.37 OK
r-devel-windows-x86_64 4.0.2 16.00 117.00 133.00 OK
r-patched-linux-x86_64 4.0.2 15.46 114.24 129.70 OK
r-release-linux-x86_64 4.0.2 14.64 114.67 129.31 OK
r-release-macos-arm64 4.0.2 68.00 OK
r-release-macos-x86_64 4.0.2 137.00 OK
r-release-windows-x86_64 4.0.2 16.00 119.00 135.00 OK
r-oldrel-macos-arm64 4.0.2 62.00 OK
r-oldrel-macos-x86_64 4.0.2 97.00 OK
r-oldrel-windows-x86_64 4.0.2 21.00 153.00 174.00 OK

Check Details

Version: 4.0.2
Check: examples
Result: NOTE Examples with CPU (user + system) or elapsed time > 5s user system elapsed nca_outliers 3.772 0.236 6.463 Flavor: r-devel-linux-x86_64-debian-clang

Version: 4.0.2
Check: examples
Result: NOTE Examples with CPU (user + system) or elapsed time > 5s user system elapsed nca_outliers 2.977 1.457 7.313 Flavor: r-devel-linux-x86_64-debian-gcc