CRAN Package Check Results for Package NCC

Last updated on 2025-04-30 04:50:12 CEST.

Flavor Version Tinstall Tcheck Ttotal Status Flags
r-devel-linux-x86_64-debian-clang 1.0 32.64 243.21 275.85 NOTE
r-devel-linux-x86_64-debian-gcc 1.0 21.40 175.26 196.66 NOTE
r-devel-linux-x86_64-fedora-clang 1.0 426.25 NOTE
r-devel-linux-x86_64-fedora-gcc 1.0 428.53 NOTE
r-devel-windows-x86_64 1.0 26.00 221.00 247.00 OK
r-patched-linux-x86_64 1.0 29.44 233.24 262.68 OK
r-release-linux-x86_64 1.0 31.60 231.81 263.41 OK
r-release-macos-arm64 1.0 143.00 OK
r-release-macos-x86_64 1.0 215.00 OK
r-release-windows-x86_64 1.0 27.00 217.00 244.00 OK
r-oldrel-macos-arm64 1.0 103.00 OK
r-oldrel-macos-x86_64 1.0 156.00 OK
r-oldrel-windows-x86_64 1.0 33.00 296.00 329.00 OK

Check Details

Version: 1.0
Check: examples
Result: NOTE Examples with CPU (user + system) or elapsed time > 5s user system elapsed mixmodel_AR1_cal_cont 9.372 0.024 12.266 Flavor: r-devel-linux-x86_64-debian-clang

Version: 1.0
Check: examples
Result: NOTE Examples with CPU (user + system) or elapsed time > 5s user system elapsed mixmodel_AR1_cal_cont 6.707 0.117 9.192 Flavor: r-devel-linux-x86_64-debian-gcc

Version: 1.0
Check: dependencies in R code
Result: NOTE Namespace in Imports field not imported from: ‘magick’ All declared Imports should be used. Flavors: r-devel-linux-x86_64-fedora-clang, r-devel-linux-x86_64-fedora-gcc