CRAN Package Check Results for Package NFLSimulatoR

Last updated on 2025-04-30 04:50:12 CEST.

Flavor Version Tinstall Tcheck Ttotal Status Flags
r-devel-linux-x86_64-debian-clang 0.4.0 3.20 50.36 53.56 OK
r-devel-linux-x86_64-debian-gcc 0.4.0 2.33 38.49 40.82 OK
r-devel-linux-x86_64-fedora-clang 0.4.0 80.58 NOTE
r-devel-linux-x86_64-fedora-gcc 0.4.0 105.59 NOTE
r-devel-windows-x86_64 0.4.0 4.00 63.00 67.00 OK
r-patched-linux-x86_64 0.4.0 3.30 48.84 52.14 OK
r-release-linux-x86_64 0.4.0 3.17 50.35 53.52 OK
r-release-macos-arm64 0.4.0 40.00 OK
r-release-macos-x86_64 0.4.0 143.00 OK
r-release-windows-x86_64 0.4.0 6.00 67.00 73.00 OK
r-oldrel-macos-arm64 0.4.0 38.00 OK
r-oldrel-macos-x86_64 0.4.0 52.00 OK
r-oldrel-windows-x86_64 0.4.0 6.00 74.00 80.00 OK

Check Details

Version: 0.4.0
Check: dependencies in R code
Result: NOTE Namespace in Imports field not imported from: ‘nflfastR’ All declared Imports should be used. Flavors: r-devel-linux-x86_64-fedora-clang, r-devel-linux-x86_64-fedora-gcc