CRAN Package Check Results for Package NGCHM

Last updated on 2025-04-30 04:50:12 CEST.

Flavor Version Tinstall Tcheck Ttotal Status Flags
r-devel-linux-x86_64-debian-clang 1.0.4 18.09 82.27 100.36 OK
r-devel-linux-x86_64-debian-gcc 1.0.4 11.17 56.48 67.65 OK
r-devel-linux-x86_64-fedora-clang 1.0.4 156.00 OK
r-devel-linux-x86_64-fedora-gcc 1.0.4 152.46 OK
r-devel-windows-x86_64 1.0.4 22.00 143.00 165.00 OK
r-patched-linux-x86_64 1.0.4 18.27 78.09 96.36 OK
r-release-linux-x86_64 1.0.4 17.04 78.13 95.17 OK
r-release-macos-arm64 1.0.4 50.00 OK
r-release-macos-x86_64 1.0.4 88.00 OK
r-release-windows-x86_64 1.0.4 23.00 142.00 165.00 OK
r-oldrel-macos-arm64 1.0.4 44.00 NOTE
r-oldrel-macos-x86_64 1.0.4 101.00 NOTE
r-oldrel-windows-x86_64 1.0.4 27.00 161.00 188.00 NOTE

Check Details

Version: 1.0.4
Check: package dependencies
Result: NOTE Packages which this enhances but not available for checking: 'NGCHMDemoData', 'NGCHMSupportFiles' Flavors: r-oldrel-macos-arm64, r-oldrel-macos-x86_64, r-oldrel-windows-x86_64