Last updated on 2025-11-03 03:49:48 CET.
| Flavor | Version | Tinstall | Tcheck | Ttotal | Status | Flags |
|---|---|---|---|---|---|---|
| r-devel-linux-x86_64-debian-clang | 1.0.4 | 18.38 | 86.93 | 105.31 | OK | |
| r-devel-linux-x86_64-debian-gcc | 1.0.4 | 11.36 | 60.01 | 71.37 | OK | |
| r-devel-linux-x86_64-fedora-clang | 1.0.4 | 43.00 | 115.32 | 158.32 | OK | |
| r-devel-linux-x86_64-fedora-gcc | 1.0.4 | 34.00 | 115.92 | 149.92 | OK | |
| r-devel-windows-x86_64 | 1.0.4 | 21.00 | 143.00 | 164.00 | OK | |
| r-patched-linux-x86_64 | 1.0.4 | 21.22 | 81.49 | 102.71 | OK | |
| r-release-linux-x86_64 | 1.0.4 | 16.22 | 82.54 | 98.76 | OK | |
| r-release-macos-arm64 | 1.0.4 | 9.00 | 41.00 | 50.00 | OK | |
| r-release-macos-x86_64 | 1.0.4 | 18.00 | 70.00 | 88.00 | OK | |
| r-release-windows-x86_64 | 1.0.4 | 22.00 | 141.00 | 163.00 | OK | |
| r-oldrel-macos-arm64 | 1.0.4 | 6.00 | 38.00 | 44.00 | NOTE | |
| r-oldrel-macos-x86_64 | 1.0.4 | 15.00 | 86.00 | 101.00 | NOTE | |
| r-oldrel-windows-x86_64 | 1.0.4 | 31.00 | 171.00 | 202.00 | NOTE |
Version: 1.0.4
Check: package dependencies
Result: NOTE
Packages which this enhances but not available for checking:
'NGCHMDemoData', 'NGCHMSupportFiles'
Flavors: r-oldrel-macos-arm64, r-oldrel-macos-x86_64, r-oldrel-windows-x86_64