CRAN Package Check Results for Package NHSRplotthedots

Last updated on 2025-04-30 04:50:12 CEST.

Flavor Version Tinstall Tcheck Ttotal Status Flags
r-devel-linux-x86_64-debian-clang 0.1.0 6.42 138.69 145.11 OK
r-devel-linux-x86_64-debian-gcc 0.1.0 4.02 93.88 97.90 OK
r-devel-linux-x86_64-fedora-clang 0.1.0 210.25 NOTE
r-devel-linux-x86_64-fedora-gcc 0.1.0 215.16 NOTE
r-devel-windows-x86_64 0.1.0 7.00 131.00 138.00 OK
r-patched-linux-x86_64 0.1.0 5.94 128.36 134.30 OK
r-release-linux-x86_64 0.1.0 6.17 127.83 134.00 OK
r-release-macos-arm64 0.1.0 60.00 OK
r-release-macos-x86_64 0.1.0 112.00 OK
r-release-windows-x86_64 0.1.0 8.00 129.00 137.00 OK
r-oldrel-macos-arm64 0.1.0 61.00 OK
r-oldrel-macos-x86_64 0.1.0 132.00 OK
r-oldrel-windows-x86_64 0.1.0 9.00 163.00 172.00 OK

Check Details

Version: 0.1.0
Check: dependencies in R code
Result: NOTE Namespaces in Imports field not imported from: ‘NHSRdatasets’ ‘grid’ ‘utils’ All declared Imports should be used. Flavors: r-devel-linux-x86_64-fedora-clang, r-devel-linux-x86_64-fedora-gcc