Last updated on 2025-04-30 04:50:12 CEST.
Flavor | Version | Tinstall | Tcheck | Ttotal | Status | Flags |
---|---|---|---|---|---|---|
r-devel-linux-x86_64-debian-clang | 0.2.1 | 22.58 | 293.49 | 316.07 | NOTE | |
r-devel-linux-x86_64-debian-gcc | 0.2.1 | 17.04 | 200.78 | 217.82 | NOTE | |
r-devel-linux-x86_64-fedora-clang | 0.2.1 | 493.47 | OK | |||
r-devel-linux-x86_64-fedora-gcc | 0.2.1 | 489.08 | OK | |||
r-devel-windows-x86_64 | 0.2.1 | 25.00 | 262.00 | 287.00 | NOTE | |
r-patched-linux-x86_64 | 0.2.1 | 22.84 | 278.38 | 301.22 | NOTE | |
r-release-linux-x86_64 | 0.2.1 | 22.59 | 275.73 | 298.32 | NOTE | |
r-release-macos-arm64 | 0.2.1 | 200.00 | OK | |||
r-release-macos-x86_64 | 0.2.1 | 264.00 | OK | |||
r-release-windows-x86_64 | 0.2.1 | 29.00 | 261.00 | 290.00 | NOTE | |
r-oldrel-macos-arm64 | 0.2.1 | 144.00 | NOTE | |||
r-oldrel-macos-x86_64 | 0.2.1 | 203.00 | NOTE | |||
r-oldrel-windows-x86_64 | 0.2.1 | 31.00 | 357.00 | 388.00 | NOTE |
Version: 0.2.1
Check: Rd cross-references
Result: NOTE
Found the following Rd file(s) with Rd \link{} targets missing package
anchors:
plotIncMatrix.Rd: scale_fill_distiller
Please provide package anchors for all Rd \link{} targets not in the
package itself and the base packages.
Flavors: r-devel-linux-x86_64-debian-clang, r-devel-linux-x86_64-debian-gcc, r-devel-windows-x86_64, r-patched-linux-x86_64, r-release-linux-x86_64, r-release-windows-x86_64
Version: 0.2.1
Check: examples
Result: NOTE
Examples with CPU (user + system) or elapsed time > 5s
user system elapsed
extractSubMatrix 5.309 0.168 6.563
Flavor: r-devel-linux-x86_64-debian-clang
Version: 0.2.1
Check: examples
Result: NOTE
Examples with CPU (user + system) or elapsed time > 5s
user system elapsed
extractSubMatrix 4.304 0.167 5.183
Flavor: r-devel-linux-x86_64-debian-gcc
Version: 0.2.1
Check: installed package size
Result: NOTE
installed size is 5.2Mb
sub-directories of 1Mb or more:
doc 4.0Mb
Flavors: r-oldrel-macos-arm64, r-oldrel-macos-x86_64, r-oldrel-windows-x86_64