CRAN Package Check Results for Package NIPTeR

Last updated on 2025-04-30 04:50:12 CEST.

Flavor Version Tinstall Tcheck Ttotal Status Flags
r-devel-linux-x86_64-debian-clang 1.0.2 16.54 134.54 151.08 NOTE
r-devel-linux-x86_64-debian-gcc 1.0.2 11.09 96.14 107.23 NOTE
r-devel-linux-x86_64-fedora-clang 1.0.2 257.37 OK
r-devel-linux-x86_64-fedora-gcc 1.0.2 242.98 OK
r-devel-windows-x86_64 1.0.2 16.00 126.00 142.00 OK
r-patched-linux-x86_64 1.0.2 16.59 127.92 144.51 OK
r-release-linux-x86_64 1.0.2 17.24 126.68 143.92 OK
r-release-macos-arm64 1.0.2 81.00 OK
r-release-macos-x86_64 1.0.2 174.00 OK
r-release-windows-x86_64 1.0.2 16.00 128.00 144.00 OK
r-oldrel-macos-arm64 1.0.2 65.00 OK
r-oldrel-macos-x86_64 1.0.2 118.00 OK
r-oldrel-windows-x86_64 1.0.2 17.00 167.00 184.00 OK

Check Details

Version: 1.0.2
Check: CRAN incoming feasibility
Result: NOTE Maintainer: ‘Lennart Johansson <l.johansson@umcg.nl>’ No Authors@R field in DESCRIPTION. Please add one, modifying Authors@R: c(person(given = "Dirk", family = "de Weerd", role = "aut"), person(given = "Lennart", family = "Johansson", role = c("aut", "cre"), email = "l.johansson@umcg.nl")) as necessary. Flavors: r-devel-linux-x86_64-debian-clang, r-devel-linux-x86_64-debian-gcc