Last updated on 2025-04-30 04:50:12 CEST.
Flavor | Version | Tinstall | Tcheck | Ttotal | Status | Flags |
---|---|---|---|---|---|---|
r-devel-linux-x86_64-debian-clang | 1.1 | 9.21 | 84.60 | 93.81 | NOTE | |
r-devel-linux-x86_64-debian-gcc | 1.1 | 6.40 | 59.21 | 65.61 | NOTE | |
r-devel-linux-x86_64-fedora-clang | 1.1 | 139.74 | OK | |||
r-devel-linux-x86_64-fedora-gcc | 1.1 | 134.07 | OK | |||
r-devel-windows-x86_64 | 1.1 | 11.00 | 86.00 | 97.00 | OK | |
r-patched-linux-x86_64 | 1.1 | 8.67 | 81.13 | 89.80 | OK | |
r-release-linux-x86_64 | 1.1 | 9.12 | 79.65 | 88.77 | OK | |
r-release-macos-arm64 | 1.1 | 38.00 | OK | |||
r-release-macos-x86_64 | 1.1 | 69.00 | OK | |||
r-release-windows-x86_64 | 1.1 | 11.00 | 87.00 | 98.00 | OK | |
r-oldrel-macos-arm64 | 1.1 | 36.00 | OK | |||
r-oldrel-macos-x86_64 | 1.1 | 59.00 | OK | |||
r-oldrel-windows-x86_64 | 1.1 | 12.00 | 109.00 | 121.00 | OK |
Version: 1.1
Check: CRAN incoming feasibility
Result: NOTE
Maintainer: ‘Yikai Wang <johnzon.wyk@gmail.com>’
No Authors@R field in DESCRIPTION.
Please add one, modifying
Authors@R: c(person(given = "Yikai",
family = "Wang",
role = c("aut", "cre"),
email = "johnzon.wyk@gmail.com"),
person(given = "Xiao",
family = "Wang",
role = "aut"))
as necessary.
Flavors: r-devel-linux-x86_64-debian-clang, r-devel-linux-x86_64-debian-gcc
Version: 1.1
Check: examples
Result: NOTE
Examples with CPU (user + system) or elapsed time > 5s
user system elapsed
Slopetest 5.580 0.023 6.512
MAUCtest 4.441 0.087 5.482
Flavor: r-devel-linux-x86_64-debian-clang