CRAN Package Check Results for Package NISTnls

Last updated on 2025-04-30 04:50:12 CEST.

Flavor Version Tinstall Tcheck Ttotal Status Flags
r-devel-linux-x86_64-debian-clang 0.9-13 1.63 17.96 19.59 NOTE
r-devel-linux-x86_64-debian-gcc 0.9-13 1.33 14.15 15.48 NOTE
r-devel-linux-x86_64-fedora-clang 0.9-13 30.41 OK
r-devel-linux-x86_64-fedora-gcc 0.9-13 30.49 OK
r-devel-windows-x86_64 0.9-13 2.00 45.00 47.00 OK
r-patched-linux-x86_64 0.9-13 2.00 17.33 19.33 OK
r-release-linux-x86_64 0.9-13 1.26 17.09 18.35 OK
r-release-macos-arm64 0.9-13 17.00 OK
r-release-macos-x86_64 0.9-13 27.00 OK
r-release-windows-x86_64 0.9-13 4.00 47.00 51.00 OK
r-oldrel-macos-arm64 0.9-13 15.00 OK
r-oldrel-macos-x86_64 0.9-13 22.00 OK
r-oldrel-windows-x86_64 0.9-13 2.00 44.00 46.00 OK

Check Details

Version: 0.9-13
Check: CRAN incoming feasibility
Result: NOTE Maintainer: ‘Douglas Bates <bates@stat.wisc.edu>’ No Authors@R field in DESCRIPTION. Please add one, modifying Authors@R: c(person(given = c("original", "from", "National", "Institutes", "for"), family = "Standards", role = "aut"), person(given = c("Technology", "http://www.itl.nist.gov/div898/strd/nls/nls_main.shtml", "R", "port", "by", "Douglas"), family = "Bates", role = "aut", email = "bates@stat.wisc.edu", comment = "NIST"), person(given = "Douglas", family = "Bates", role = "cre", email = "bates@stat.wisc.edu")) as necessary. Flavors: r-devel-linux-x86_64-debian-clang, r-devel-linux-x86_64-debian-gcc