Last updated on 2025-04-30 04:50:13 CEST.
Flavor | Version | Tinstall | Tcheck | Ttotal | Status | Flags |
---|---|---|---|---|---|---|
r-devel-linux-x86_64-debian-clang | 1.4-3 | 17.67 | 151.24 | 168.91 | NOTE | |
r-devel-linux-x86_64-debian-gcc | 1.4-3 | 11.94 | 94.78 | 106.72 | OK | |
r-devel-linux-x86_64-fedora-clang | 1.4-3 | 260.66 | OK | |||
r-devel-linux-x86_64-fedora-gcc | 1.4-3 | 249.39 | OK | |||
r-devel-windows-x86_64 | 1.4-3 | 19.00 | 137.00 | 156.00 | OK | |
r-patched-linux-x86_64 | 1.4-3 | 17.34 | 142.84 | 160.18 | OK | |
r-release-linux-x86_64 | 1.4-3 | 16.23 | 143.10 | 159.33 | OK | |
r-release-macos-arm64 | 1.4-3 | 61.00 | OK | |||
r-release-macos-x86_64 | 1.4-3 | 122.00 | OK | |||
r-release-windows-x86_64 | 1.4-3 | 20.00 | 137.00 | 157.00 | OK | |
r-oldrel-macos-arm64 | 1.4-3 | 61.00 | OK | |||
r-oldrel-macos-x86_64 | 1.4-3 | 99.00 | OK | |||
r-oldrel-windows-x86_64 | 1.4-3 | 24.00 | 187.00 | 211.00 | OK |
Version: 1.4-3
Check: examples
Result: NOTE
Examples with CPU (user + system) or elapsed time > 5s
user system elapsed
nmaleague 7.053 0.024 9.530
sidesplit 6.010 0.036 7.027
nmareg 5.480 0.008 7.080
Flavor: r-devel-linux-x86_64-debian-clang